{"id":7654,"date":"2026-02-10T13:34:21","date_gmt":"2026-02-10T13:34:21","guid":{"rendered":"https:\/\/m-acryl.hu\/prestige\/?post_type=product&#038;p=7654"},"modified":"2026-03-13T09:59:06","modified_gmt":"2026-03-13T09:59:06","slug":"victory-szabadon-allo-akril-kad","status":"publish","type":"product","link":"https:\/\/m-acryl.hu\/prestige\/termek\/victory-szabadon-allo-akril-kad\/","title":{"rendered":"Victory szabadon \u00e1ll\u00f3 akril k\u00e1d"},"content":{"rendered":"<p class=\"p1\">Engedd, hogy ez a k\u00e1dunk mag\u00e1val ragadjon \u00e9s fu\u0308rd\u00e9skor \u00e9ld \u00e1t \u00fajra meg \u00fajra a pillanatot, mint a gy\u0151ztes a felt\u00f6r\u0151 boldogs\u00e1got.<\/p>\n","protected":false},"excerpt":{"rendered":"<p>A Victory a gy\u0151zteseknek kij\u00e1r\u00f3 szabadon \u00e1ll\u00f3 f\u00fcrd\u0151k\u00e1d, amely hidat emel a r\u00e9gi korok \u00edvelt, d\u00edszes k\u00e1djainak hagyom\u00e1nya \u00e9s modern minimalista f\u00fcrd\u0151szob\u00e1k st\u00edlusa k\u00f6z\u00f6tt. Eleganci\u00e1j\u00e1nak titka: egyenes k\u00e1dtest szab\u00e1lyos \u00edvvel. M\u00edg az \u00edvelt formatervez\u00e9s a m\u00faltat id\u00e9zi, a minimalista, letisztult vonalak a mai trendeket k\u00f6vetik.<\/p>\n<p>Diz\u00e1jnos megjelen\u00e9se praktikummal p\u00e1rosul. Mindk\u00e9t oldal\u00e1n k\u00e9nyelmes f\u00fcrd\u00e9st k\u00edn\u00e1l (l\u00e9v\u00e9n szimmetrikus f\u00fcrd\u0151k\u00e1d, k\u00f6z\u00e9plefoly\u00f3val), t\u00e1gas kialak\u00edt\u00e1s\u00e1nak k\u00f6sz\u00f6nhet\u0151en pedig a magas \u00e9s\/vagy sz\u00e9les emberek is k\u00e9nyelmesen f\u00e9rnek el a Victory \u00e1ll\u00f3 k\u00e1dban.<\/p>\n<p>Akril fel\u00fclete id\u0151t\u00e1ll\u00f3 f\u00e9nyess\u00e9get biztos\u00edt, \u00e9s ellen\u00e1ll a mindennapi haszn\u00e1lat sor\u00e1n felmer\u00fcl\u0151 karcol\u00e1soknak \u00e9s kop\u00e1snak.<\/p>\n<p>A Victory letisztults\u00e1ga feh\u00e9r sz\u00edn\u0171 el\u0151lappal j\u00f3l mutat. Legyen sz\u00f3 egy v\u00e1rosi loft f\u00fcrd\u0151szob\u00e1j\u00e1r\u00f3l vagy egy vid\u00e9ki villa nyugalm\u00e1r\u00f3l, a Victory k\u00e1d harmonikusan beilleszthet\u0151, hozz\u00e1j\u00e1rulva otthona luxus \u00e9rzet\u00e9hez.<\/p>\n<p><strong>A Victory szabadon\u00e1ll\u00f3 k\u00e1d f\u0151bb tulajdons\u00e1gai<\/strong><\/p>\n<ul>\n<li>szabadon \u00e1ll\u00f3 k\u00e1d 160&#215;76, \u00e9s gy\u0151zteseknek kij\u00e1r\u00f3 170&#215;76 cm m\u00e9retben,<\/li>\n<li>mindk\u00e9t oldal\u00e1n k\u00e9nyelmes szimmetrikus, k\u00f6z\u00e9plefoly\u00f3s kialak\u00edt\u00e1sban,<\/li>\n<li>f\u00e9nyes feh\u00e9r el\u0151lap sz\u00ednben,<\/li>\n<li>k\u00f6nnyen takar\u00edthat\u00f3 selyem akril fel\u00fclet,<\/li>\n<li>15 \u00e9v term\u00e9kgarancia.<\/li>\n<\/ul>\n<p>A Victory szabadon \u00e1ll\u00f3 k\u00e1d \u00e1ra tartalmazza a k\u00e1dtestet, az el\u0151lap bor\u00edt\u00e1st, a feh\u00e9r Click-Clack lefoly\u00f3t \u00e9s a k\u00e1dl\u00e1bat.<\/p>\n<p>A Victory szabadon \u00e1ll\u00f3 k\u00e1d modern megjelen\u00e9s\u00e9vel t\u00f6k\u00e9letes v\u00e1laszt\u00e1s minden olyan f\u00fcrd\u0151szob\u00e1ba, ahol a luxus \u00e9s a k\u00e9nyelem k\u00e9z a k\u00e9zben j\u00e1r. Ak\u00e1r egy minimalista st\u00edlus\u00fa otthont alak\u00edt ki, ak\u00e1r egy klasszikus f\u00fcrd\u0151szob\u00e1t \u00faj\u00edtana fel, a Victory akril k\u00e1d eleganci\u00e1ja \u00e9s praktikus kialak\u00edt\u00e1sa el fogja nyerni a tetsz\u00e9s\u00e9t.<\/p>\n","protected":false},"featured_media":7563,"template":"","meta":[],"product_brand":[],"product_cat":[193,194,65,196,175,174,173],"product_tag":[52,53,198,54,147],"class_list":{"0":"post-7654","1":"product","2":"type-product","3":"status-publish","4":"has-post-thumbnail","6":"product_cat-15-ev-garancia","7":"product_cat-2-szemelyes-kad","8":"product_cat-akril-kadak","9":"product_cat-antibakterialis-felulet","10":"product_cat-feher-kadak","11":"product_cat-matt-fekete-kadak","12":"product_cat-terben-elhelyezheto-kadak","13":"product_tag-15-ev-garancia","14":"product_tag-2-szemelyes-kad","15":"product_tag-akril","16":"product_tag-antibaterialis-felulet","17":"product_tag-balos-jobbos","19":"first","20":"instock","21":"sold-individually","22":"shipping-taxable","23":"purchasable","24":"product-type-variable","25":"has-default-attributes"},"yoast_head":"<!-- This site is optimized with the Yoast SEO plugin v27.2 - https:\/\/yoast.com\/product\/yoast-seo-wordpress\/ -->\n<title>Victory szabadon \u00e1ll\u00f3 akril k\u00e1d - Prestige<\/title>\n<meta name=\"robots\" content=\"index, follow, max-snippet:-1, max-image-preview:large, max-video-preview:-1\" \/>\n<link rel=\"canonical\" href=\"https:\/\/m-acryl.hu\/prestige\/termek\/victory-szabadon-allo-akril-kad\/\" \/>\n<meta property=\"og:locale\" content=\"hu_HU\" \/>\n<meta property=\"og:type\" content=\"article\" \/>\n<meta property=\"og:title\" content=\"Victory szabadon \u00e1ll\u00f3 akril k\u00e1d - Prestige\" \/>\n<meta property=\"og:description\" content=\"A Victory a gy\u0151zteseknek kij\u00e1r\u00f3 szabadon \u00e1ll\u00f3 f\u00fcrd\u0151k\u00e1d, amely hidat emel a r\u00e9gi korok \u00edvelt, d\u00edszes k\u00e1djainak hagyom\u00e1nya \u00e9s modern minimalista f\u00fcrd\u0151szob\u00e1k st\u00edlusa k\u00f6z\u00f6tt. Eleganci\u00e1j\u00e1nak titka: egyenes k\u00e1dtest szab\u00e1lyos \u00edvvel. M\u00edg az \u00edvelt formatervez\u00e9s a m\u00faltat id\u00e9zi, a minimalista, letisztult vonalak a mai trendeket k\u00f6vetik.  Diz\u00e1jnos megjelen\u00e9se praktikummal p\u00e1rosul. Mindk\u00e9t oldal\u00e1n k\u00e9nyelmes f\u00fcrd\u00e9st k\u00edn\u00e1l (l\u00e9v\u00e9n szimmetrikus f\u00fcrd\u0151k\u00e1d, k\u00f6z\u00e9plefoly\u00f3val), t\u00e1gas kialak\u00edt\u00e1s\u00e1nak k\u00f6sz\u00f6nhet\u0151en pedig a magas \u00e9s\/vagy sz\u00e9les emberek is k\u00e9nyelmesen f\u00e9rnek el a Victory \u00e1ll\u00f3 k\u00e1dban.  Akril fel\u00fclete id\u0151t\u00e1ll\u00f3 f\u00e9nyess\u00e9get biztos\u00edt, \u00e9s ellen\u00e1ll a mindennapi haszn\u00e1lat sor\u00e1n felmer\u00fcl\u0151 karcol\u00e1soknak \u00e9s kop\u00e1snak.  A Victory letisztults\u00e1ga feh\u00e9r sz\u00edn\u0171 el\u0151lappal j\u00f3l mutat. Legyen sz\u00f3 egy v\u00e1rosi loft f\u00fcrd\u0151szob\u00e1j\u00e1r\u00f3l vagy egy vid\u00e9ki villa nyugalm\u00e1r\u00f3l, a Victory k\u00e1d harmonikusan beilleszthet\u0151, hozz\u00e1j\u00e1rulva otthona luxus \u00e9rzet\u00e9hez.  A Victory szabadon\u00e1ll\u00f3 k\u00e1d f\u0151bb tulajdons\u00e1gai   szabadon \u00e1ll\u00f3 k\u00e1d 160x76, \u00e9s gy\u0151zteseknek kij\u00e1r\u00f3 170x76 cm m\u00e9retben,  mindk\u00e9t oldal\u00e1n k\u00e9nyelmes szimmetrikus, k\u00f6z\u00e9plefoly\u00f3s kialak\u00edt\u00e1sban,  f\u00e9nyes feh\u00e9r el\u0151lap sz\u00ednben,  k\u00f6nnyen takar\u00edthat\u00f3 selyem akril fel\u00fclet,  15 \u00e9v term\u00e9kgarancia.  A Victory szabadon \u00e1ll\u00f3 k\u00e1d \u00e1ra tartalmazza a k\u00e1dtestet, az el\u0151lap bor\u00edt\u00e1st, a feh\u00e9r Click-Clack lefoly\u00f3t \u00e9s a k\u00e1dl\u00e1bat.  A Victory szabadon \u00e1ll\u00f3 k\u00e1d modern megjelen\u00e9s\u00e9vel t\u00f6k\u00e9letes v\u00e1laszt\u00e1s minden olyan f\u00fcrd\u0151szob\u00e1ba, ahol a luxus \u00e9s a k\u00e9nyelem k\u00e9z a k\u00e9zben j\u00e1r. Ak\u00e1r egy minimalista st\u00edlus\u00fa otthont alak\u00edt ki, ak\u00e1r egy klasszikus f\u00fcrd\u0151szob\u00e1t \u00faj\u00edtana fel, a Victory akril k\u00e1d eleganci\u00e1ja \u00e9s praktikus kialak\u00edt\u00e1sa el fogja nyerni a tetsz\u00e9s\u00e9t.\" \/>\n<meta property=\"og:url\" content=\"https:\/\/m-acryl.hu\/prestige\/termek\/victory-szabadon-allo-akril-kad\/\" \/>\n<meta property=\"og:site_name\" content=\"Prestige\" \/>\n<meta property=\"article:modified_time\" content=\"2026-03-13T09:59:06+00:00\" \/>\n<meta property=\"og:image\" content=\"https:\/\/m-acryl.hu\/prestige\/wp-content\/uploads\/2026\/02\/m-acryl-victory-acryl-szabadon-allo-kad-feher-01.webp\" \/>\n\t<meta property=\"og:image:width\" content=\"1920\" \/>\n\t<meta property=\"og:image:height\" content=\"1200\" \/>\n\t<meta property=\"og:image:type\" content=\"image\/webp\" \/>\n<meta name=\"twitter:card\" content=\"summary_large_image\" \/>\n<meta name=\"twitter:label1\" content=\"Becs\u00fclt olvas\u00e1si id\u0151\" \/>\n\t<meta name=\"twitter:data1\" content=\"1 perc\" \/>\n<script type=\"application\/ld+json\" class=\"yoast-schema-graph\">{\"@context\":\"https:\/\/schema.org\",\"@graph\":[{\"@type\":\"WebPage\",\"@id\":\"https:\/\/m-acryl.hu\/prestige\/termek\/victory-szabadon-allo-akril-kad\/\",\"url\":\"https:\/\/m-acryl.hu\/prestige\/termek\/victory-szabadon-allo-akril-kad\/\",\"name\":\"Victory szabadon \u00e1ll\u00f3 akril k\u00e1d - Prestige\",\"isPartOf\":{\"@id\":\"https:\/\/m-acryl.hu\/prestige\/#website\"},\"primaryImageOfPage\":{\"@id\":\"https:\/\/m-acryl.hu\/prestige\/termek\/victory-szabadon-allo-akril-kad\/#primaryimage\"},\"image\":{\"@id\":\"https:\/\/m-acryl.hu\/prestige\/termek\/victory-szabadon-allo-akril-kad\/#primaryimage\"},\"thumbnailUrl\":\"https:\/\/m-acryl.hu\/prestige\/wp-content\/uploads\/2026\/02\/m-acryl-victory-acryl-szabadon-allo-kad-feher-01.webp\",\"datePublished\":\"2026-02-10T13:34:21+00:00\",\"dateModified\":\"2026-03-13T09:59:06+00:00\",\"breadcrumb\":{\"@id\":\"https:\/\/m-acryl.hu\/prestige\/termek\/victory-szabadon-allo-akril-kad\/#breadcrumb\"},\"inLanguage\":\"hu\",\"potentialAction\":[{\"@type\":\"ReadAction\",\"target\":[\"https:\/\/m-acryl.hu\/prestige\/termek\/victory-szabadon-allo-akril-kad\/\"]}]},{\"@type\":\"ImageObject\",\"inLanguage\":\"hu\",\"@id\":\"https:\/\/m-acryl.hu\/prestige\/termek\/victory-szabadon-allo-akril-kad\/#primaryimage\",\"url\":\"https:\/\/m-acryl.hu\/prestige\/wp-content\/uploads\/2026\/02\/m-acryl-victory-acryl-szabadon-allo-kad-feher-01.webp\",\"contentUrl\":\"https:\/\/m-acryl.hu\/prestige\/wp-content\/uploads\/2026\/02\/m-acryl-victory-acryl-szabadon-allo-kad-feher-01.webp\",\"width\":1920,\"height\":1200},{\"@type\":\"BreadcrumbList\",\"@id\":\"https:\/\/m-acryl.hu\/prestige\/termek\/victory-szabadon-allo-akril-kad\/#breadcrumb\",\"itemListElement\":[{\"@type\":\"ListItem\",\"position\":1,\"name\":\"Kezd\u0151lap\",\"item\":\"https:\/\/m-acryl.hu\/prestige\/\"},{\"@type\":\"ListItem\",\"position\":2,\"name\":\"K\u00e1dak\",\"item\":\"https:\/\/m-acryl.hu\/prestige\/kadak\/\"},{\"@type\":\"ListItem\",\"position\":3,\"name\":\"Victory szabadon \u00e1ll\u00f3 akril k\u00e1d\"}]},{\"@type\":\"WebSite\",\"@id\":\"https:\/\/m-acryl.hu\/prestige\/#website\",\"url\":\"https:\/\/m-acryl.hu\/prestige\/\",\"name\":\"Prestige\",\"description\":\"Kiemelt k\u00e9nyelem minden nap\",\"potentialAction\":[{\"@type\":\"SearchAction\",\"target\":{\"@type\":\"EntryPoint\",\"urlTemplate\":\"https:\/\/m-acryl.hu\/prestige\/?s={search_term_string}\"},\"query-input\":{\"@type\":\"PropertyValueSpecification\",\"valueRequired\":true,\"valueName\":\"search_term_string\"}}],\"inLanguage\":\"hu\"}]}<\/script>\n<!-- \/ Yoast SEO plugin. -->","yoast_head_json":{"title":"Victory szabadon \u00e1ll\u00f3 akril k\u00e1d - Prestige","robots":{"index":"index","follow":"follow","max-snippet":"max-snippet:-1","max-image-preview":"max-image-preview:large","max-video-preview":"max-video-preview:-1"},"canonical":"https:\/\/m-acryl.hu\/prestige\/termek\/victory-szabadon-allo-akril-kad\/","og_locale":"hu_HU","og_type":"article","og_title":"Victory szabadon \u00e1ll\u00f3 akril k\u00e1d - Prestige","og_description":"A Victory a gy\u0151zteseknek kij\u00e1r\u00f3 szabadon \u00e1ll\u00f3 f\u00fcrd\u0151k\u00e1d, amely hidat emel a r\u00e9gi korok \u00edvelt, d\u00edszes k\u00e1djainak hagyom\u00e1nya \u00e9s modern minimalista f\u00fcrd\u0151szob\u00e1k st\u00edlusa k\u00f6z\u00f6tt. Eleganci\u00e1j\u00e1nak titka: egyenes k\u00e1dtest szab\u00e1lyos \u00edvvel. M\u00edg az \u00edvelt formatervez\u00e9s a m\u00faltat id\u00e9zi, a minimalista, letisztult vonalak a mai trendeket k\u00f6vetik.  Diz\u00e1jnos megjelen\u00e9se praktikummal p\u00e1rosul. Mindk\u00e9t oldal\u00e1n k\u00e9nyelmes f\u00fcrd\u00e9st k\u00edn\u00e1l (l\u00e9v\u00e9n szimmetrikus f\u00fcrd\u0151k\u00e1d, k\u00f6z\u00e9plefoly\u00f3val), t\u00e1gas kialak\u00edt\u00e1s\u00e1nak k\u00f6sz\u00f6nhet\u0151en pedig a magas \u00e9s\/vagy sz\u00e9les emberek is k\u00e9nyelmesen f\u00e9rnek el a Victory \u00e1ll\u00f3 k\u00e1dban.  Akril fel\u00fclete id\u0151t\u00e1ll\u00f3 f\u00e9nyess\u00e9get biztos\u00edt, \u00e9s ellen\u00e1ll a mindennapi haszn\u00e1lat sor\u00e1n felmer\u00fcl\u0151 karcol\u00e1soknak \u00e9s kop\u00e1snak.  A Victory letisztults\u00e1ga feh\u00e9r sz\u00edn\u0171 el\u0151lappal j\u00f3l mutat. Legyen sz\u00f3 egy v\u00e1rosi loft f\u00fcrd\u0151szob\u00e1j\u00e1r\u00f3l vagy egy vid\u00e9ki villa nyugalm\u00e1r\u00f3l, a Victory k\u00e1d harmonikusan beilleszthet\u0151, hozz\u00e1j\u00e1rulva otthona luxus \u00e9rzet\u00e9hez.  A Victory szabadon\u00e1ll\u00f3 k\u00e1d f\u0151bb tulajdons\u00e1gai   szabadon \u00e1ll\u00f3 k\u00e1d 160x76, \u00e9s gy\u0151zteseknek kij\u00e1r\u00f3 170x76 cm m\u00e9retben,  mindk\u00e9t oldal\u00e1n k\u00e9nyelmes szimmetrikus, k\u00f6z\u00e9plefoly\u00f3s kialak\u00edt\u00e1sban,  f\u00e9nyes feh\u00e9r el\u0151lap sz\u00ednben,  k\u00f6nnyen takar\u00edthat\u00f3 selyem akril fel\u00fclet,  15 \u00e9v term\u00e9kgarancia.  A Victory szabadon \u00e1ll\u00f3 k\u00e1d \u00e1ra tartalmazza a k\u00e1dtestet, az el\u0151lap bor\u00edt\u00e1st, a feh\u00e9r Click-Clack lefoly\u00f3t \u00e9s a k\u00e1dl\u00e1bat.  A Victory szabadon \u00e1ll\u00f3 k\u00e1d modern megjelen\u00e9s\u00e9vel t\u00f6k\u00e9letes v\u00e1laszt\u00e1s minden olyan f\u00fcrd\u0151szob\u00e1ba, ahol a luxus \u00e9s a k\u00e9nyelem k\u00e9z a k\u00e9zben j\u00e1r. Ak\u00e1r egy minimalista st\u00edlus\u00fa otthont alak\u00edt ki, ak\u00e1r egy klasszikus f\u00fcrd\u0151szob\u00e1t \u00faj\u00edtana fel, a Victory akril k\u00e1d eleganci\u00e1ja \u00e9s praktikus kialak\u00edt\u00e1sa el fogja nyerni a tetsz\u00e9s\u00e9t.","og_url":"https:\/\/m-acryl.hu\/prestige\/termek\/victory-szabadon-allo-akril-kad\/","og_site_name":"Prestige","article_modified_time":"2026-03-13T09:59:06+00:00","og_image":[{"width":1920,"height":1200,"url":"https:\/\/m-acryl.hu\/prestige\/wp-content\/uploads\/2026\/02\/m-acryl-victory-acryl-szabadon-allo-kad-feher-01.webp","type":"image\/webp"}],"twitter_card":"summary_large_image","twitter_misc":{"Becs\u00fclt olvas\u00e1si id\u0151":"1 perc"},"schema":{"@context":"https:\/\/schema.org","@graph":[{"@type":"WebPage","@id":"https:\/\/m-acryl.hu\/prestige\/termek\/victory-szabadon-allo-akril-kad\/","url":"https:\/\/m-acryl.hu\/prestige\/termek\/victory-szabadon-allo-akril-kad\/","name":"Victory szabadon \u00e1ll\u00f3 akril k\u00e1d - Prestige","isPartOf":{"@id":"https:\/\/m-acryl.hu\/prestige\/#website"},"primaryImageOfPage":{"@id":"https:\/\/m-acryl.hu\/prestige\/termek\/victory-szabadon-allo-akril-kad\/#primaryimage"},"image":{"@id":"https:\/\/m-acryl.hu\/prestige\/termek\/victory-szabadon-allo-akril-kad\/#primaryimage"},"thumbnailUrl":"https:\/\/m-acryl.hu\/prestige\/wp-content\/uploads\/2026\/02\/m-acryl-victory-acryl-szabadon-allo-kad-feher-01.webp","datePublished":"2026-02-10T13:34:21+00:00","dateModified":"2026-03-13T09:59:06+00:00","breadcrumb":{"@id":"https:\/\/m-acryl.hu\/prestige\/termek\/victory-szabadon-allo-akril-kad\/#breadcrumb"},"inLanguage":"hu","potentialAction":[{"@type":"ReadAction","target":["https:\/\/m-acryl.hu\/prestige\/termek\/victory-szabadon-allo-akril-kad\/"]}]},{"@type":"ImageObject","inLanguage":"hu","@id":"https:\/\/m-acryl.hu\/prestige\/termek\/victory-szabadon-allo-akril-kad\/#primaryimage","url":"https:\/\/m-acryl.hu\/prestige\/wp-content\/uploads\/2026\/02\/m-acryl-victory-acryl-szabadon-allo-kad-feher-01.webp","contentUrl":"https:\/\/m-acryl.hu\/prestige\/wp-content\/uploads\/2026\/02\/m-acryl-victory-acryl-szabadon-allo-kad-feher-01.webp","width":1920,"height":1200},{"@type":"BreadcrumbList","@id":"https:\/\/m-acryl.hu\/prestige\/termek\/victory-szabadon-allo-akril-kad\/#breadcrumb","itemListElement":[{"@type":"ListItem","position":1,"name":"Kezd\u0151lap","item":"https:\/\/m-acryl.hu\/prestige\/"},{"@type":"ListItem","position":2,"name":"K\u00e1dak","item":"https:\/\/m-acryl.hu\/prestige\/kadak\/"},{"@type":"ListItem","position":3,"name":"Victory szabadon \u00e1ll\u00f3 akril k\u00e1d"}]},{"@type":"WebSite","@id":"https:\/\/m-acryl.hu\/prestige\/#website","url":"https:\/\/m-acryl.hu\/prestige\/","name":"Prestige","description":"Kiemelt k\u00e9nyelem minden nap","potentialAction":[{"@type":"SearchAction","target":{"@type":"EntryPoint","urlTemplate":"https:\/\/m-acryl.hu\/prestige\/?s={search_term_string}"},"query-input":{"@type":"PropertyValueSpecification","valueRequired":true,"valueName":"search_term_string"}}],"inLanguage":"hu"}]}},"_links":{"self":[{"href":"https:\/\/m-acryl.hu\/prestige\/wp-json\/wp\/v2\/product\/7654","targetHints":{"allow":["GET"]}}],"collection":[{"href":"https:\/\/m-acryl.hu\/prestige\/wp-json\/wp\/v2\/product"}],"about":[{"href":"https:\/\/m-acryl.hu\/prestige\/wp-json\/wp\/v2\/types\/product"}],"wp:featuredmedia":[{"embeddable":true,"href":"https:\/\/m-acryl.hu\/prestige\/wp-json\/wp\/v2\/media\/7563"}],"wp:attachment":[{"href":"https:\/\/m-acryl.hu\/prestige\/wp-json\/wp\/v2\/media?parent=7654"}],"wp:term":[{"taxonomy":"product_brand","embeddable":true,"href":"https:\/\/m-acryl.hu\/prestige\/wp-json\/wp\/v2\/product_brand?post=7654"},{"taxonomy":"product_cat","embeddable":true,"href":"https:\/\/m-acryl.hu\/prestige\/wp-json\/wp\/v2\/product_cat?post=7654"},{"taxonomy":"product_tag","embeddable":true,"href":"https:\/\/m-acryl.hu\/prestige\/wp-json\/wp\/v2\/product_tag?post=7654"}],"curies":[{"name":"wp","href":"https:\/\/api.w.org\/{rel}","templated":true}]}}