{"id":5220,"date":"2024-07-09T12:07:19","date_gmt":"2024-07-09T12:07:19","guid":{"rendered":"https:\/\/m-acryl.hu\/prestige\/?post_type=product&#038;p=5220"},"modified":"2026-04-08T08:51:07","modified_gmt":"2026-04-08T08:51:07","slug":"velvet-kulonleges-akril-kad","status":"publish","type":"product","link":"https:\/\/m-acryl.hu\/prestige\/termek\/velvet-kulonleges-akril-kad\/","title":{"rendered":"Velvet k\u00fcl\u00f6nleges akril k\u00e1d"},"content":{"rendered":"<p class=\"p1\">Velvet f\u00e9lszabadon \u00e1ll\u00f3 k\u00e1d: egyetlen forma sz\u00e1mtalan sz\u00ednvari\u00e1ci\u00f3ban. L\u00e9gy olyan k\u00fcl\u00f6nleges, amilyen m\u00e1r am\u00fagy is vagy!<\/p>\n","protected":false},"excerpt":{"rendered":"<p class=\"p1\"><strong>Velvet f\u00e9lszabadon \u00e1ll\u00f3 akril k\u00e1d<\/strong><\/p>\n<p class=\"p1\">Tapasztalja meg a luxust\u00a0 a Velvet szabadon \u00e1ll\u00f3 akril k\u00e1ddal, amely eleg\u00e1ns \u00e9s modern megjelen\u00e9st k\u00f6lcs\u00f6n\u00f6z f\u00fcrd\u0151szob\u00e1j\u00e1nak. A Prestige k\u00e1dak ergonomikus kialak\u00edt\u00e1sa t\u00f6k\u00e9letesen illeszkedik a test form\u00e1j\u00e1hoz, \u00edgy maximaliz\u00e1lja az \u00d6n k\u00e9nyelm\u00e9t.Kialak\u00edt\u00e1sa tart\u00f3s, &#8211; \u00d6n a 15 \u00e9v garanci\u00e1nak k\u00f6sz\u00f6nhet\u0151en nyugodtan d\u0151lhet h\u00e1tra. Anyaga akril, \u00edgy biztos lehet arr\u00f3l, hogy k\u00e1dja k\u00f6nnyen tiszt\u00e1n tarthat\u00f3, \u00e9s j\u00f3 h\u0151tart\u00e1s\u00e1nak k\u00f6sz\u00f6nhet\u0151en mindig kellemes h\u0151m\u00e9rs\u00e9klet\u0171. A Velvet egy f\u00e9lszabadon \u00e1ll\u00f3 k\u00e1d, azaz egyik oldala a fal mell\u00e9 ker\u00fcl. A falra tolhat\u00f3 kialak\u00edt\u00e1sa, \u00e9s 150&#215;75 vagy 160&#215;75 cm-es m\u00e9rete kisebb f\u00fcrd\u0151szob\u00e1kba is praktikus v\u00e1laszt\u00e1st jelent. St\u00edlus\u00e1ban, \u00e9s sz\u00edneiben is j\u00f3l vari\u00e1lhat\u00f3. \u00cdgy egyar\u00e1nt meg\u00e1llja a hely\u00e9t letisztult, modern f\u00fcrd\u0151szob\u00e1kban, Vintage kialak\u00edt\u00e1s\u00fa helyis\u00e9gekben, vagy egy Art Deco st\u00edlus\u00fa h\u00e1z berendez\u00e9sek\u00e9nt.<\/p>\n<p class=\"p1\"><strong>A Velvet f\u00fcrd\u0151k\u00e1d f\u0151bb jellemz\u0151i:<\/strong><\/p>\n<ul class=\"ul1\">\n<li class=\"li1\">f\u00e9lig szabadon \u00e1ll\u00f3 k\u00e1d \/ falhoz tolhat\u00f3 szabadon \u00e1ll\u00f3 k\u00e1d,<\/li>\n<li class=\"li1\">Tart\u00f3s \u00e9s k\u00f6nnyen tiszt\u00edthat\u00f3 akril anyag,<\/li>\n<li class=\"li1\">K\u00e9nyelmes, ergonomikus kialak\u00edt\u00e1s ,<\/li>\n<li class=\"li1\">5 f\u00e9le v\u00e1laszthat\u00f3 sz\u00edn (feh\u00e9r, matt fekete, f\u00e9nyes fekete, matt k\u00e9k \u00e9s vil\u00e1gos sz\u00fcrke el\u0151lap),<\/li>\n<li class=\"li1\">M\u00e9retek: 150&#215;75 k\u00e1d vagy 160&#215;75 k\u00e1d.<\/li>\n<li class=\"li1\">15 \u00e9v garanci\u00e1val.<\/li>\n<\/ul>\n<p class=\"p1\">Ismerje meg a M-Acryl Prestige k\u00e1dakat, \u00e9s alak\u00edtson ki a st\u00edlus\u00e1hoz ill\u0151 f\u00fcrd\u0151szob\u00e1t a Velvet szabadon \u00e1ll\u00f3 k\u00e1ddal!<\/p>\n","protected":false},"featured_media":7879,"template":"","meta":[],"product_brand":[],"product_cat":[193,194,65,196,171,175,174,218],"product_tag":[52,53,198,54],"class_list":{"0":"post-5220","1":"product","2":"type-product","3":"status-publish","4":"has-post-thumbnail","6":"product_cat-15-ev-garancia","7":"product_cat-2-szemelyes-kad","8":"product_cat-akril-kadak","9":"product_cat-antibakterialis-felulet","10":"product_cat-falhoz-rakhato-kadak","11":"product_cat-feher-kadak","12":"product_cat-matt-fekete-kadak","13":"product_cat-pakolhato-feluletu-kadak","14":"product_tag-15-ev-garancia","15":"product_tag-2-szemelyes-kad","16":"product_tag-akril","17":"product_tag-antibaterialis-felulet","19":"first","20":"instock","21":"sold-individually","22":"shipping-taxable","23":"purchasable","24":"product-type-variable","25":"has-default-attributes"},"yoast_head":"<!-- This site is optimized with the Yoast SEO plugin v27.2 - https:\/\/yoast.com\/product\/yoast-seo-wordpress\/ -->\n<title>Velvet k\u00fcl\u00f6nleges akril k\u00e1d - Prestige<\/title>\n<meta name=\"description\" content=\"A Velvet f\u00e9lszabadon \u00e1ll\u00f3 akril k\u00e1d ergonomikus kialak\u00edt\u00e1s\u00fa, hogy az \u00d6n k\u00e9nyelm\u00e9t szolg\u00e1lja. Ismerje meg a Prestige k\u00e1d eleganci\u00e1j\u00e1nak \u00e9s k\u00e9nyelm\u00e9nek titk\u00e1t!\" \/>\n<meta name=\"robots\" content=\"index, follow, max-snippet:-1, max-image-preview:large, max-video-preview:-1\" \/>\n<link rel=\"canonical\" href=\"https:\/\/m-acryl.hu\/prestige\/termek\/velvet-kulonleges-akril-kad\/\" \/>\n<meta property=\"og:locale\" content=\"hu_HU\" \/>\n<meta property=\"og:type\" content=\"article\" \/>\n<meta property=\"og:title\" content=\"Velvet k\u00fcl\u00f6nleges akril k\u00e1d - Prestige\" \/>\n<meta property=\"og:description\" content=\"A Velvet f\u00e9lszabadon \u00e1ll\u00f3 akril k\u00e1d ergonomikus kialak\u00edt\u00e1s\u00fa, hogy az \u00d6n k\u00e9nyelm\u00e9t szolg\u00e1lja. Ismerje meg a Prestige k\u00e1d eleganci\u00e1j\u00e1nak \u00e9s k\u00e9nyelm\u00e9nek titk\u00e1t!\" \/>\n<meta property=\"og:url\" content=\"https:\/\/m-acryl.hu\/prestige\/termek\/velvet-kulonleges-akril-kad\/\" \/>\n<meta property=\"og:site_name\" content=\"Prestige\" \/>\n<meta property=\"article:modified_time\" content=\"2026-04-08T08:51:07+00:00\" \/>\n<meta property=\"og:image\" content=\"https:\/\/m-acryl.hu\/prestige\/wp-content\/uploads\/2024\/07\/m-acryl-prestige-velvet-acryl-szabadon-allo-kad-feher-01-1.webp\" \/>\n\t<meta property=\"og:image:width\" content=\"1920\" \/>\n\t<meta property=\"og:image:height\" content=\"1200\" \/>\n\t<meta property=\"og:image:type\" content=\"image\/webp\" \/>\n<meta name=\"twitter:card\" content=\"summary_large_image\" \/>\n<meta name=\"twitter:label1\" content=\"Becs\u00fclt olvas\u00e1si id\u0151\" \/>\n\t<meta name=\"twitter:data1\" content=\"1 perc\" \/>\n<script type=\"application\/ld+json\" class=\"yoast-schema-graph\">{\"@context\":\"https:\/\/schema.org\",\"@graph\":[{\"@type\":\"WebPage\",\"@id\":\"https:\/\/m-acryl.hu\/prestige\/termek\/velvet-kulonleges-akril-kad\/\",\"url\":\"https:\/\/m-acryl.hu\/prestige\/termek\/velvet-kulonleges-akril-kad\/\",\"name\":\"Velvet k\u00fcl\u00f6nleges akril k\u00e1d - Prestige\",\"isPartOf\":{\"@id\":\"https:\/\/m-acryl.hu\/prestige\/#website\"},\"primaryImageOfPage\":{\"@id\":\"https:\/\/m-acryl.hu\/prestige\/termek\/velvet-kulonleges-akril-kad\/#primaryimage\"},\"image\":{\"@id\":\"https:\/\/m-acryl.hu\/prestige\/termek\/velvet-kulonleges-akril-kad\/#primaryimage\"},\"thumbnailUrl\":\"https:\/\/m-acryl.hu\/prestige\/wp-content\/uploads\/2024\/07\/m-acryl-prestige-velvet-acryl-szabadon-allo-kad-feher-01-1.webp\",\"datePublished\":\"2024-07-09T12:07:19+00:00\",\"dateModified\":\"2026-04-08T08:51:07+00:00\",\"description\":\"A Velvet f\u00e9lszabadon \u00e1ll\u00f3 akril k\u00e1d ergonomikus kialak\u00edt\u00e1s\u00fa, hogy az \u00d6n k\u00e9nyelm\u00e9t szolg\u00e1lja. Ismerje meg a Prestige k\u00e1d eleganci\u00e1j\u00e1nak \u00e9s k\u00e9nyelm\u00e9nek titk\u00e1t!\",\"breadcrumb\":{\"@id\":\"https:\/\/m-acryl.hu\/prestige\/termek\/velvet-kulonleges-akril-kad\/#breadcrumb\"},\"inLanguage\":\"hu\",\"potentialAction\":[{\"@type\":\"ReadAction\",\"target\":[\"https:\/\/m-acryl.hu\/prestige\/termek\/velvet-kulonleges-akril-kad\/\"]}]},{\"@type\":\"ImageObject\",\"inLanguage\":\"hu\",\"@id\":\"https:\/\/m-acryl.hu\/prestige\/termek\/velvet-kulonleges-akril-kad\/#primaryimage\",\"url\":\"https:\/\/m-acryl.hu\/prestige\/wp-content\/uploads\/2024\/07\/m-acryl-prestige-velvet-acryl-szabadon-allo-kad-feher-01-1.webp\",\"contentUrl\":\"https:\/\/m-acryl.hu\/prestige\/wp-content\/uploads\/2024\/07\/m-acryl-prestige-velvet-acryl-szabadon-allo-kad-feher-01-1.webp\",\"width\":1920,\"height\":1200},{\"@type\":\"BreadcrumbList\",\"@id\":\"https:\/\/m-acryl.hu\/prestige\/termek\/velvet-kulonleges-akril-kad\/#breadcrumb\",\"itemListElement\":[{\"@type\":\"ListItem\",\"position\":1,\"name\":\"Kezd\u0151lap\",\"item\":\"https:\/\/m-acryl.hu\/prestige\/\"},{\"@type\":\"ListItem\",\"position\":2,\"name\":\"K\u00e1dak\",\"item\":\"https:\/\/m-acryl.hu\/prestige\/kadak\/\"},{\"@type\":\"ListItem\",\"position\":3,\"name\":\"Velvet k\u00fcl\u00f6nleges akril k\u00e1d\"}]},{\"@type\":\"WebSite\",\"@id\":\"https:\/\/m-acryl.hu\/prestige\/#website\",\"url\":\"https:\/\/m-acryl.hu\/prestige\/\",\"name\":\"Prestige\",\"description\":\"Kiemelt k\u00e9nyelem minden nap\",\"potentialAction\":[{\"@type\":\"SearchAction\",\"target\":{\"@type\":\"EntryPoint\",\"urlTemplate\":\"https:\/\/m-acryl.hu\/prestige\/?s={search_term_string}\"},\"query-input\":{\"@type\":\"PropertyValueSpecification\",\"valueRequired\":true,\"valueName\":\"search_term_string\"}}],\"inLanguage\":\"hu\"}]}<\/script>\n<!-- \/ Yoast SEO plugin. -->","yoast_head_json":{"title":"Velvet k\u00fcl\u00f6nleges akril k\u00e1d - Prestige","description":"A Velvet f\u00e9lszabadon \u00e1ll\u00f3 akril k\u00e1d ergonomikus kialak\u00edt\u00e1s\u00fa, hogy az \u00d6n k\u00e9nyelm\u00e9t szolg\u00e1lja. Ismerje meg a Prestige k\u00e1d eleganci\u00e1j\u00e1nak \u00e9s k\u00e9nyelm\u00e9nek titk\u00e1t!","robots":{"index":"index","follow":"follow","max-snippet":"max-snippet:-1","max-image-preview":"max-image-preview:large","max-video-preview":"max-video-preview:-1"},"canonical":"https:\/\/m-acryl.hu\/prestige\/termek\/velvet-kulonleges-akril-kad\/","og_locale":"hu_HU","og_type":"article","og_title":"Velvet k\u00fcl\u00f6nleges akril k\u00e1d - Prestige","og_description":"A Velvet f\u00e9lszabadon \u00e1ll\u00f3 akril k\u00e1d ergonomikus kialak\u00edt\u00e1s\u00fa, hogy az \u00d6n k\u00e9nyelm\u00e9t szolg\u00e1lja. Ismerje meg a Prestige k\u00e1d eleganci\u00e1j\u00e1nak \u00e9s k\u00e9nyelm\u00e9nek titk\u00e1t!","og_url":"https:\/\/m-acryl.hu\/prestige\/termek\/velvet-kulonleges-akril-kad\/","og_site_name":"Prestige","article_modified_time":"2026-04-08T08:51:07+00:00","og_image":[{"width":1920,"height":1200,"url":"https:\/\/m-acryl.hu\/prestige\/wp-content\/uploads\/2024\/07\/m-acryl-prestige-velvet-acryl-szabadon-allo-kad-feher-01-1.webp","type":"image\/webp"}],"twitter_card":"summary_large_image","twitter_misc":{"Becs\u00fclt olvas\u00e1si id\u0151":"1 perc"},"schema":{"@context":"https:\/\/schema.org","@graph":[{"@type":"WebPage","@id":"https:\/\/m-acryl.hu\/prestige\/termek\/velvet-kulonleges-akril-kad\/","url":"https:\/\/m-acryl.hu\/prestige\/termek\/velvet-kulonleges-akril-kad\/","name":"Velvet k\u00fcl\u00f6nleges akril k\u00e1d - Prestige","isPartOf":{"@id":"https:\/\/m-acryl.hu\/prestige\/#website"},"primaryImageOfPage":{"@id":"https:\/\/m-acryl.hu\/prestige\/termek\/velvet-kulonleges-akril-kad\/#primaryimage"},"image":{"@id":"https:\/\/m-acryl.hu\/prestige\/termek\/velvet-kulonleges-akril-kad\/#primaryimage"},"thumbnailUrl":"https:\/\/m-acryl.hu\/prestige\/wp-content\/uploads\/2024\/07\/m-acryl-prestige-velvet-acryl-szabadon-allo-kad-feher-01-1.webp","datePublished":"2024-07-09T12:07:19+00:00","dateModified":"2026-04-08T08:51:07+00:00","description":"A Velvet f\u00e9lszabadon \u00e1ll\u00f3 akril k\u00e1d ergonomikus kialak\u00edt\u00e1s\u00fa, hogy az \u00d6n k\u00e9nyelm\u00e9t szolg\u00e1lja. Ismerje meg a Prestige k\u00e1d eleganci\u00e1j\u00e1nak \u00e9s k\u00e9nyelm\u00e9nek titk\u00e1t!","breadcrumb":{"@id":"https:\/\/m-acryl.hu\/prestige\/termek\/velvet-kulonleges-akril-kad\/#breadcrumb"},"inLanguage":"hu","potentialAction":[{"@type":"ReadAction","target":["https:\/\/m-acryl.hu\/prestige\/termek\/velvet-kulonleges-akril-kad\/"]}]},{"@type":"ImageObject","inLanguage":"hu","@id":"https:\/\/m-acryl.hu\/prestige\/termek\/velvet-kulonleges-akril-kad\/#primaryimage","url":"https:\/\/m-acryl.hu\/prestige\/wp-content\/uploads\/2024\/07\/m-acryl-prestige-velvet-acryl-szabadon-allo-kad-feher-01-1.webp","contentUrl":"https:\/\/m-acryl.hu\/prestige\/wp-content\/uploads\/2024\/07\/m-acryl-prestige-velvet-acryl-szabadon-allo-kad-feher-01-1.webp","width":1920,"height":1200},{"@type":"BreadcrumbList","@id":"https:\/\/m-acryl.hu\/prestige\/termek\/velvet-kulonleges-akril-kad\/#breadcrumb","itemListElement":[{"@type":"ListItem","position":1,"name":"Kezd\u0151lap","item":"https:\/\/m-acryl.hu\/prestige\/"},{"@type":"ListItem","position":2,"name":"K\u00e1dak","item":"https:\/\/m-acryl.hu\/prestige\/kadak\/"},{"@type":"ListItem","position":3,"name":"Velvet k\u00fcl\u00f6nleges akril k\u00e1d"}]},{"@type":"WebSite","@id":"https:\/\/m-acryl.hu\/prestige\/#website","url":"https:\/\/m-acryl.hu\/prestige\/","name":"Prestige","description":"Kiemelt k\u00e9nyelem minden nap","potentialAction":[{"@type":"SearchAction","target":{"@type":"EntryPoint","urlTemplate":"https:\/\/m-acryl.hu\/prestige\/?s={search_term_string}"},"query-input":{"@type":"PropertyValueSpecification","valueRequired":true,"valueName":"search_term_string"}}],"inLanguage":"hu"}]}},"_links":{"self":[{"href":"https:\/\/m-acryl.hu\/prestige\/wp-json\/wp\/v2\/product\/5220","targetHints":{"allow":["GET"]}}],"collection":[{"href":"https:\/\/m-acryl.hu\/prestige\/wp-json\/wp\/v2\/product"}],"about":[{"href":"https:\/\/m-acryl.hu\/prestige\/wp-json\/wp\/v2\/types\/product"}],"wp:featuredmedia":[{"embeddable":true,"href":"https:\/\/m-acryl.hu\/prestige\/wp-json\/wp\/v2\/media\/7879"}],"wp:attachment":[{"href":"https:\/\/m-acryl.hu\/prestige\/wp-json\/wp\/v2\/media?parent=5220"}],"wp:term":[{"taxonomy":"product_brand","embeddable":true,"href":"https:\/\/m-acryl.hu\/prestige\/wp-json\/wp\/v2\/product_brand?post=5220"},{"taxonomy":"product_cat","embeddable":true,"href":"https:\/\/m-acryl.hu\/prestige\/wp-json\/wp\/v2\/product_cat?post=5220"},{"taxonomy":"product_tag","embeddable":true,"href":"https:\/\/m-acryl.hu\/prestige\/wp-json\/wp\/v2\/product_tag?post=5220"}],"curies":[{"name":"wp","href":"https:\/\/api.w.org\/{rel}","templated":true}]}}