{"id":4359,"date":"2024-06-04T12:35:07","date_gmt":"2024-06-04T12:35:07","guid":{"rendered":"https:\/\/m-acryl.hu\/prestige\/?post_type=product&#038;p=4359"},"modified":"2026-04-08T08:50:09","modified_gmt":"2026-04-08T08:50:09","slug":"new-velvet-kulonleges-akril-kad","status":"publish","type":"product","link":"https:\/\/m-acryl.hu\/prestige\/termek\/new-velvet-kulonleges-akril-kad\/","title":{"rendered":"New Velvet k\u00fcl\u00f6nleges akril k\u00e1d"},"content":{"rendered":"<p class=\"p1\">Egy forma k\u00e9t sz\u00ednvari\u00e1ci\u00f3ban. Mer\u00fclj\u00f6n el az egyedi st\u00edlus\u00e1ban!<\/p>\n","protected":false},"excerpt":{"rendered":"<p>A New Velvet egy szabadon \u00e1ll\u00f3 k\u00e1d, amit a fal mell\u00e9 tervezt\u00fcnk (de a k\u00e1d k\u00e9t v\u00e9ge szabadon marad). A New Velvet ide\u00e1lis v\u00e1laszt\u00e1s mindazoknak, akiknek az eleg\u00e1ns megjelen\u00e9s, \u00e9s a kompromisszummentes k\u00e9nyelem a legfontosabb. M\u00e1r az els\u0151 k\u00e1dpr\u00f3b\u00e1n\u00e1l \u00e9rezni fogja, hogy tal\u00e1n m\u00e9g aludni is k\u00e9nyelmes lenne a New Velvetben. Az biztos, hogy ez a k\u00e1d h\u00edvogat a hossz\u00fa, nyugtat\u00f3 f\u00fcrd\u0151z\u00e9sekre. A k\u00e1d fala melletti perem praktikus pakol\u00f3fel\u00fcletet biztos\u00edt (p\u00e9ld\u00e1ul tusf\u00fcrd\u0151nek, k\u00f6nyvnek, telefonnak vagy tabletnek). \u00c9rdekess\u00e9ge a rejtett Click-Clack lefoly\u00f3 \u00e9s a b\u00fajtatott r\u00e9st\u00falfoly\u00f3. A k\u00e1d k\u00edv\u00fclr\u0151l alig l\u00e1that\u00f3 m\u0171szerezetts\u00e9ge miatt olyan hat\u00e1st kelt, mintha egy hossz\u00fa selyemdarabb\u00f3l hajtogattuk volna ki a k\u00e1dtestet. \u00c9rz\u00e9sre mindenesetre hasonl\u00f3an l\u00e1gy. Feh\u00e9r \u00e9s fekete el\u0151lappal is k\u00e9rheti, egyik szebb, mint a m\u00e1sik.<\/p>\n<p><strong>A New Velvet f\u00e9lszabadon \u00e1ll\u00f3 m\u0171m\u00e1rv\u00e1ny k\u00e1d f\u0151bb jellemz\u0151i:<\/strong><\/p>\n<ul>\n<li>megn\u00f6velt k\u00e9nyelem: a 160&#215;80 k\u00e1d is kell\u0151en t\u00e1gas, \u00e1m a New Velvet nem fukarkodik a m\u00e9retekkel: az 5 centivel megn\u00f6velt k\u00e1dsz\u00e9less\u00e9ggel 160&#215;185 cm-es\u00a0 duzzasztott New Velvet m\u00e9g pihentet\u0151bb f\u00fcrd\u0151z\u00e9st tesz lehet\u0151v\u00e9,<\/li>\n<li>modern diz\u00e1jn: letisztult eleg\u00e1ns, minimalista megjelen\u00e9s,<\/li>\n<li>falra tolhat\u00f3 szabadon \u00e1ll\u00f3 k\u00e1d praktikus elrendez\u00e9ssel: a szabadon hagyott k\u00e1dv\u00e9gek plusz mozg\u00e1steret hagynak, a peremr\u00e9szt pedig pakol\u00f3fel\u00fcletnek is haszn\u00e1lhatja,<\/li>\n<li>tart\u00f3s kialak\u00edt\u00e1s, 15 \u00e9v garanci\u00e1val.<\/li>\n<\/ul>\n<p>V\u00e1lassza a k\u00fcl\u00f6nleges kialak\u00edt\u00e1s\u00fa New Velvet falra tolhat\u00f3 szabadon \u00e1ll\u00f3 k\u00e1dat a hossz\u00fa \u00e9s pihentet\u0151 f\u00fcrd\u0151z\u00e9sekhez!<\/p>\n","protected":false},"featured_media":3867,"template":"","meta":[],"product_brand":[],"product_cat":[193,194,65,196,171,175,174,218],"product_tag":[52,53,198,54],"class_list":{"0":"post-4359","1":"product","2":"type-product","3":"status-publish","4":"has-post-thumbnail","6":"product_cat-15-ev-garancia","7":"product_cat-2-szemelyes-kad","8":"product_cat-akril-kadak","9":"product_cat-antibakterialis-felulet","10":"product_cat-falhoz-rakhato-kadak","11":"product_cat-feher-kadak","12":"product_cat-matt-fekete-kadak","13":"product_cat-pakolhato-feluletu-kadak","14":"product_tag-15-ev-garancia","15":"product_tag-2-szemelyes-kad","16":"product_tag-akril","17":"product_tag-antibaterialis-felulet","19":"first","20":"instock","21":"sold-individually","22":"shipping-taxable","23":"purchasable","24":"product-type-variable","25":"has-default-attributes"},"yoast_head":"<!-- This site is optimized with the Yoast SEO plugin v27.2 - https:\/\/yoast.com\/product\/yoast-seo-wordpress\/ -->\n<title>New Velvet k\u00fcl\u00f6nleges akril k\u00e1d - Prestige<\/title>\n<meta name=\"description\" content=\"New Velvet m\u0171m\u00e1rv\u00e1ny k\u00e1d ide\u00e1lis v\u00e1laszt\u00e1s, ha k\u00e9nyelmes, praktikus \u00e9s eleg\u00e1ns f\u00fcrd\u0151k\u00e1dat keres az otthon\u00e1ba. Pr\u00f3b\u00e1lja ki a New Velvet ny\u00fajtotta k\u00e9nyelmet!\" \/>\n<meta name=\"robots\" content=\"index, follow, max-snippet:-1, max-image-preview:large, max-video-preview:-1\" \/>\n<link rel=\"canonical\" href=\"https:\/\/m-acryl.hu\/prestige\/termek\/new-velvet-kulonleges-akril-kad\/\" \/>\n<meta property=\"og:locale\" content=\"hu_HU\" \/>\n<meta property=\"og:type\" content=\"article\" \/>\n<meta property=\"og:title\" content=\"New Velvet k\u00fcl\u00f6nleges akril k\u00e1d - Prestige\" \/>\n<meta property=\"og:description\" content=\"New Velvet m\u0171m\u00e1rv\u00e1ny k\u00e1d ide\u00e1lis v\u00e1laszt\u00e1s, ha k\u00e9nyelmes, praktikus \u00e9s eleg\u00e1ns f\u00fcrd\u0151k\u00e1dat keres az otthon\u00e1ba. Pr\u00f3b\u00e1lja ki a New Velvet ny\u00fajtotta k\u00e9nyelmet!\" \/>\n<meta property=\"og:url\" content=\"https:\/\/m-acryl.hu\/prestige\/termek\/new-velvet-kulonleges-akril-kad\/\" \/>\n<meta property=\"og:site_name\" content=\"Prestige\" \/>\n<meta property=\"article:modified_time\" content=\"2026-04-08T08:50:09+00:00\" \/>\n<meta property=\"og:image\" content=\"https:\/\/m-acryl.hu\/prestige\/wp-content\/uploads\/2024\/05\/m-acryl-prestige-new-velvet-acryl-szabadon-allo-kad-feher-07.webp\" \/>\n\t<meta property=\"og:image:width\" content=\"1920\" \/>\n\t<meta property=\"og:image:height\" content=\"1200\" \/>\n\t<meta property=\"og:image:type\" content=\"image\/webp\" \/>\n<meta name=\"twitter:card\" content=\"summary_large_image\" \/>\n<meta name=\"twitter:label1\" content=\"Becs\u00fclt olvas\u00e1si id\u0151\" \/>\n\t<meta name=\"twitter:data1\" content=\"1 perc\" \/>\n<script type=\"application\/ld+json\" class=\"yoast-schema-graph\">{\"@context\":\"https:\/\/schema.org\",\"@graph\":[{\"@type\":\"WebPage\",\"@id\":\"https:\/\/m-acryl.hu\/prestige\/termek\/new-velvet-kulonleges-akril-kad\/\",\"url\":\"https:\/\/m-acryl.hu\/prestige\/termek\/new-velvet-kulonleges-akril-kad\/\",\"name\":\"New Velvet k\u00fcl\u00f6nleges akril k\u00e1d - Prestige\",\"isPartOf\":{\"@id\":\"https:\/\/m-acryl.hu\/prestige\/#website\"},\"primaryImageOfPage\":{\"@id\":\"https:\/\/m-acryl.hu\/prestige\/termek\/new-velvet-kulonleges-akril-kad\/#primaryimage\"},\"image\":{\"@id\":\"https:\/\/m-acryl.hu\/prestige\/termek\/new-velvet-kulonleges-akril-kad\/#primaryimage\"},\"thumbnailUrl\":\"https:\/\/m-acryl.hu\/prestige\/wp-content\/uploads\/2024\/05\/m-acryl-prestige-new-velvet-acryl-szabadon-allo-kad-feher-07.webp\",\"datePublished\":\"2024-06-04T12:35:07+00:00\",\"dateModified\":\"2026-04-08T08:50:09+00:00\",\"description\":\"New Velvet m\u0171m\u00e1rv\u00e1ny k\u00e1d ide\u00e1lis v\u00e1laszt\u00e1s, ha k\u00e9nyelmes, praktikus \u00e9s eleg\u00e1ns f\u00fcrd\u0151k\u00e1dat keres az otthon\u00e1ba. Pr\u00f3b\u00e1lja ki a New Velvet ny\u00fajtotta k\u00e9nyelmet!\",\"breadcrumb\":{\"@id\":\"https:\/\/m-acryl.hu\/prestige\/termek\/new-velvet-kulonleges-akril-kad\/#breadcrumb\"},\"inLanguage\":\"hu\",\"potentialAction\":[{\"@type\":\"ReadAction\",\"target\":[\"https:\/\/m-acryl.hu\/prestige\/termek\/new-velvet-kulonleges-akril-kad\/\"]}]},{\"@type\":\"ImageObject\",\"inLanguage\":\"hu\",\"@id\":\"https:\/\/m-acryl.hu\/prestige\/termek\/new-velvet-kulonleges-akril-kad\/#primaryimage\",\"url\":\"https:\/\/m-acryl.hu\/prestige\/wp-content\/uploads\/2024\/05\/m-acryl-prestige-new-velvet-acryl-szabadon-allo-kad-feher-07.webp\",\"contentUrl\":\"https:\/\/m-acryl.hu\/prestige\/wp-content\/uploads\/2024\/05\/m-acryl-prestige-new-velvet-acryl-szabadon-allo-kad-feher-07.webp\",\"width\":1920,\"height\":1200,\"caption\":\"M-Acryl Prestige k\u00e1dak, Velvet f\u00e9lszabadon \u00e1ll\u00f3 k\u00e1d,design k\u00e1d, design f\u00fcrd\u0151szoba, akril k\u00e1d\"},{\"@type\":\"BreadcrumbList\",\"@id\":\"https:\/\/m-acryl.hu\/prestige\/termek\/new-velvet-kulonleges-akril-kad\/#breadcrumb\",\"itemListElement\":[{\"@type\":\"ListItem\",\"position\":1,\"name\":\"Kezd\u0151lap\",\"item\":\"https:\/\/m-acryl.hu\/prestige\/\"},{\"@type\":\"ListItem\",\"position\":2,\"name\":\"K\u00e1dak\",\"item\":\"https:\/\/m-acryl.hu\/prestige\/kadak\/\"},{\"@type\":\"ListItem\",\"position\":3,\"name\":\"New Velvet k\u00fcl\u00f6nleges akril k\u00e1d\"}]},{\"@type\":\"WebSite\",\"@id\":\"https:\/\/m-acryl.hu\/prestige\/#website\",\"url\":\"https:\/\/m-acryl.hu\/prestige\/\",\"name\":\"Prestige\",\"description\":\"Kiemelt k\u00e9nyelem minden nap\",\"potentialAction\":[{\"@type\":\"SearchAction\",\"target\":{\"@type\":\"EntryPoint\",\"urlTemplate\":\"https:\/\/m-acryl.hu\/prestige\/?s={search_term_string}\"},\"query-input\":{\"@type\":\"PropertyValueSpecification\",\"valueRequired\":true,\"valueName\":\"search_term_string\"}}],\"inLanguage\":\"hu\"}]}<\/script>\n<!-- \/ Yoast SEO plugin. -->","yoast_head_json":{"title":"New Velvet k\u00fcl\u00f6nleges akril k\u00e1d - Prestige","description":"New Velvet m\u0171m\u00e1rv\u00e1ny k\u00e1d ide\u00e1lis v\u00e1laszt\u00e1s, ha k\u00e9nyelmes, praktikus \u00e9s eleg\u00e1ns f\u00fcrd\u0151k\u00e1dat keres az otthon\u00e1ba. Pr\u00f3b\u00e1lja ki a New Velvet ny\u00fajtotta k\u00e9nyelmet!","robots":{"index":"index","follow":"follow","max-snippet":"max-snippet:-1","max-image-preview":"max-image-preview:large","max-video-preview":"max-video-preview:-1"},"canonical":"https:\/\/m-acryl.hu\/prestige\/termek\/new-velvet-kulonleges-akril-kad\/","og_locale":"hu_HU","og_type":"article","og_title":"New Velvet k\u00fcl\u00f6nleges akril k\u00e1d - Prestige","og_description":"New Velvet m\u0171m\u00e1rv\u00e1ny k\u00e1d ide\u00e1lis v\u00e1laszt\u00e1s, ha k\u00e9nyelmes, praktikus \u00e9s eleg\u00e1ns f\u00fcrd\u0151k\u00e1dat keres az otthon\u00e1ba. Pr\u00f3b\u00e1lja ki a New Velvet ny\u00fajtotta k\u00e9nyelmet!","og_url":"https:\/\/m-acryl.hu\/prestige\/termek\/new-velvet-kulonleges-akril-kad\/","og_site_name":"Prestige","article_modified_time":"2026-04-08T08:50:09+00:00","og_image":[{"width":1920,"height":1200,"url":"https:\/\/m-acryl.hu\/prestige\/wp-content\/uploads\/2024\/05\/m-acryl-prestige-new-velvet-acryl-szabadon-allo-kad-feher-07.webp","type":"image\/webp"}],"twitter_card":"summary_large_image","twitter_misc":{"Becs\u00fclt olvas\u00e1si id\u0151":"1 perc"},"schema":{"@context":"https:\/\/schema.org","@graph":[{"@type":"WebPage","@id":"https:\/\/m-acryl.hu\/prestige\/termek\/new-velvet-kulonleges-akril-kad\/","url":"https:\/\/m-acryl.hu\/prestige\/termek\/new-velvet-kulonleges-akril-kad\/","name":"New Velvet k\u00fcl\u00f6nleges akril k\u00e1d - Prestige","isPartOf":{"@id":"https:\/\/m-acryl.hu\/prestige\/#website"},"primaryImageOfPage":{"@id":"https:\/\/m-acryl.hu\/prestige\/termek\/new-velvet-kulonleges-akril-kad\/#primaryimage"},"image":{"@id":"https:\/\/m-acryl.hu\/prestige\/termek\/new-velvet-kulonleges-akril-kad\/#primaryimage"},"thumbnailUrl":"https:\/\/m-acryl.hu\/prestige\/wp-content\/uploads\/2024\/05\/m-acryl-prestige-new-velvet-acryl-szabadon-allo-kad-feher-07.webp","datePublished":"2024-06-04T12:35:07+00:00","dateModified":"2026-04-08T08:50:09+00:00","description":"New Velvet m\u0171m\u00e1rv\u00e1ny k\u00e1d ide\u00e1lis v\u00e1laszt\u00e1s, ha k\u00e9nyelmes, praktikus \u00e9s eleg\u00e1ns f\u00fcrd\u0151k\u00e1dat keres az otthon\u00e1ba. Pr\u00f3b\u00e1lja ki a New Velvet ny\u00fajtotta k\u00e9nyelmet!","breadcrumb":{"@id":"https:\/\/m-acryl.hu\/prestige\/termek\/new-velvet-kulonleges-akril-kad\/#breadcrumb"},"inLanguage":"hu","potentialAction":[{"@type":"ReadAction","target":["https:\/\/m-acryl.hu\/prestige\/termek\/new-velvet-kulonleges-akril-kad\/"]}]},{"@type":"ImageObject","inLanguage":"hu","@id":"https:\/\/m-acryl.hu\/prestige\/termek\/new-velvet-kulonleges-akril-kad\/#primaryimage","url":"https:\/\/m-acryl.hu\/prestige\/wp-content\/uploads\/2024\/05\/m-acryl-prestige-new-velvet-acryl-szabadon-allo-kad-feher-07.webp","contentUrl":"https:\/\/m-acryl.hu\/prestige\/wp-content\/uploads\/2024\/05\/m-acryl-prestige-new-velvet-acryl-szabadon-allo-kad-feher-07.webp","width":1920,"height":1200,"caption":"M-Acryl Prestige k\u00e1dak, Velvet f\u00e9lszabadon \u00e1ll\u00f3 k\u00e1d,design k\u00e1d, design f\u00fcrd\u0151szoba, akril k\u00e1d"},{"@type":"BreadcrumbList","@id":"https:\/\/m-acryl.hu\/prestige\/termek\/new-velvet-kulonleges-akril-kad\/#breadcrumb","itemListElement":[{"@type":"ListItem","position":1,"name":"Kezd\u0151lap","item":"https:\/\/m-acryl.hu\/prestige\/"},{"@type":"ListItem","position":2,"name":"K\u00e1dak","item":"https:\/\/m-acryl.hu\/prestige\/kadak\/"},{"@type":"ListItem","position":3,"name":"New Velvet k\u00fcl\u00f6nleges akril k\u00e1d"}]},{"@type":"WebSite","@id":"https:\/\/m-acryl.hu\/prestige\/#website","url":"https:\/\/m-acryl.hu\/prestige\/","name":"Prestige","description":"Kiemelt k\u00e9nyelem minden nap","potentialAction":[{"@type":"SearchAction","target":{"@type":"EntryPoint","urlTemplate":"https:\/\/m-acryl.hu\/prestige\/?s={search_term_string}"},"query-input":{"@type":"PropertyValueSpecification","valueRequired":true,"valueName":"search_term_string"}}],"inLanguage":"hu"}]}},"_links":{"self":[{"href":"https:\/\/m-acryl.hu\/prestige\/wp-json\/wp\/v2\/product\/4359","targetHints":{"allow":["GET"]}}],"collection":[{"href":"https:\/\/m-acryl.hu\/prestige\/wp-json\/wp\/v2\/product"}],"about":[{"href":"https:\/\/m-acryl.hu\/prestige\/wp-json\/wp\/v2\/types\/product"}],"wp:featuredmedia":[{"embeddable":true,"href":"https:\/\/m-acryl.hu\/prestige\/wp-json\/wp\/v2\/media\/3867"}],"wp:attachment":[{"href":"https:\/\/m-acryl.hu\/prestige\/wp-json\/wp\/v2\/media?parent=4359"}],"wp:term":[{"taxonomy":"product_brand","embeddable":true,"href":"https:\/\/m-acryl.hu\/prestige\/wp-json\/wp\/v2\/product_brand?post=4359"},{"taxonomy":"product_cat","embeddable":true,"href":"https:\/\/m-acryl.hu\/prestige\/wp-json\/wp\/v2\/product_cat?post=4359"},{"taxonomy":"product_tag","embeddable":true,"href":"https:\/\/m-acryl.hu\/prestige\/wp-json\/wp\/v2\/product_tag?post=4359"}],"curies":[{"name":"wp","href":"https:\/\/api.w.org\/{rel}","templated":true}]}}