{"id":4356,"date":"2024-06-04T12:34:44","date_gmt":"2024-06-04T12:34:44","guid":{"rendered":"https:\/\/m-acryl.hu\/prestige\/?post_type=product&#038;p=4356"},"modified":"2026-04-08T08:53:49","modified_gmt":"2026-04-08T08:53:49","slug":"romantika-szabadon-allo-akril-kad","status":"publish","type":"product","link":"https:\/\/m-acryl.hu\/prestige\/termek\/romantika-szabadon-allo-akril-kad\/","title":{"rendered":"Romantika szabadon \u00e1ll\u00f3 akril k\u00e1d"},"content":{"rendered":"<p class=\"p1\">Intim pillanatok, egym\u00e1st k\u00e9nyeztetve a hat\u00e1rtalan t\u00e9rben.<\/p>\n","protected":false},"excerpt":{"rendered":"<p><strong>Romantika szabadon \u00e1ll\u00f3 akril k\u00e1d<\/strong><\/p>\n<p>A legel\u00e9rhet\u0151bb \u00e1r\u00fa Prestige k\u00e1dcsod\u00e1k egyike a k\u00e9tszem\u00e9lyes Romantika akril k\u00e1d. Szimmetrikus szabadon \u00e1ll\u00f3 k\u00e1d, melynek nincs \u201ek\u00e9nyelmesebb\u201d oldala (hiszen mindkett\u0151 az). A n\u00e9vv\u00e1laszt\u00e1st itt sem b\u00edztuk a v\u00e9letlenre: a 170&#215;75 k\u00e1dat k\u00e9t szem\u00e9lyes meghitt, romantikus f\u00fcrd\u00e9sekhez tervezt\u00fck. A t\u00e9rben \u00e1ll\u00f3 k\u00e1d minden porcik\u00e1j\u00e1ban arr\u00f3l sz\u00f3l, hogy \u00d6n \u00e9s a p\u00e1rja egym\u00e1sra \u00e9s a f\u00fcrd\u00e9s\u00e9lm\u00e9nyre tudjon figyelni. A lefoly\u00f3 k\u00f6z\u00e9pre ker\u00fclt, \u00edgy mindketten a selyem tapint\u00e1s\u00fa akrilon \u00fclhetnek, \u00e9s m\u00e9g a t\u00falt\u00f6lt\u00e9sre is a r\u00e9st\u00falfoly\u00f3 figyel (\u00edgy nem \u00d6nnek kell). Form\u00e1ja m\u00e1r-m\u00e1r ikonikus, \u00e1ra pedig a luxusk\u00e1dak vil\u00e1g\u00e1ban elk\u00e9peszt\u0151en alacsony.<\/p>\n<p><strong>A Romantika szabadon \u00e1ll\u00f3 akril k\u00e1d f\u0151bb tulajdons\u00e1gai:<\/strong><\/p>\n<ul>\n<li>f\u00e9nyes feh\u00e9rben \u00e9s matt fekete sz\u00ednben v\u00e1laszthat\u00f3,<\/li>\n<li>170&#215;75 k\u00e1d k\u00f6z\u00e9plefoly\u00f3val, a k\u00f6z\u00f6s f\u00fcrd\u0151z\u00e9shez,<\/li>\n<li>kellemes tapint\u00e1s\u00fa, k\u00f6nnyen takar\u00edthat\u00f3 \u00e9s ellen\u00e1ll\u00f3 akril,<\/li>\n<li>15 \u00e9v garancia.<\/li>\n<\/ul>\n<p>V\u00e1lassza a Romantika szabadon \u00e1ll\u00f3 akril k\u00e1dat a p\u00e1rj\u00e1val t\u00f6lt\u00f6tt felejthetetlen romantikus f\u00fcrd\u0151z\u00e9sekhez!<\/p>\n","protected":false},"featured_media":3858,"template":"","meta":[],"product_brand":[],"product_cat":[193,232,194,65,196,175,174,173],"product_tag":[52,53,198,54],"class_list":{"0":"post-4356","1":"product","2":"type-product","3":"status-publish","4":"has-post-thumbnail","6":"product_cat-15-ev-garancia","7":"product_cat-170-cm","8":"product_cat-2-szemelyes-kad","9":"product_cat-akril-kadak","10":"product_cat-antibakterialis-felulet","11":"product_cat-feher-kadak","12":"product_cat-matt-fekete-kadak","13":"product_cat-terben-elhelyezheto-kadak","14":"product_tag-15-ev-garancia","15":"product_tag-2-szemelyes-kad","16":"product_tag-akril","17":"product_tag-antibaterialis-felulet","19":"first","20":"instock","21":"sold-individually","22":"shipping-taxable","23":"purchasable","24":"product-type-variable","25":"has-default-attributes"},"yoast_head":"<!-- This site is optimized with the Yoast SEO plugin v27.2 - https:\/\/yoast.com\/product\/yoast-seo-wordpress\/ -->\n<title>Romantika szabadon \u00e1ll\u00f3 akril k\u00e1d - Prestige<\/title>\n<meta name=\"description\" content=\"A Prestige k\u00e1dkollekci\u00f3 darabja a Romantika szabadon \u00e1ll\u00f3 k\u00e1d. Ha luxust keres megfizethet\u0151 \u00e1ron, n\u00e9zze meg a kateg\u00f3ri\u00e1j\u00e1ban olcs\u00f3 szabadon \u00e1ll\u00f3 k\u00e1dat!\" \/>\n<meta name=\"robots\" content=\"index, follow, max-snippet:-1, max-image-preview:large, max-video-preview:-1\" \/>\n<link rel=\"canonical\" href=\"https:\/\/m-acryl.hu\/prestige\/termek\/romantika-szabadon-allo-akril-kad\/\" \/>\n<meta property=\"og:locale\" content=\"hu_HU\" \/>\n<meta property=\"og:type\" content=\"article\" \/>\n<meta property=\"og:title\" content=\"Romantika szabadon \u00e1ll\u00f3 akril k\u00e1d - Prestige\" \/>\n<meta property=\"og:description\" content=\"A Prestige k\u00e1dkollekci\u00f3 darabja a Romantika szabadon \u00e1ll\u00f3 k\u00e1d. Ha luxust keres megfizethet\u0151 \u00e1ron, n\u00e9zze meg a kateg\u00f3ri\u00e1j\u00e1ban olcs\u00f3 szabadon \u00e1ll\u00f3 k\u00e1dat!\" \/>\n<meta property=\"og:url\" content=\"https:\/\/m-acryl.hu\/prestige\/termek\/romantika-szabadon-allo-akril-kad\/\" \/>\n<meta property=\"og:site_name\" content=\"Prestige\" \/>\n<meta property=\"article:modified_time\" content=\"2026-04-08T08:53:49+00:00\" \/>\n<meta property=\"og:image\" content=\"https:\/\/m-acryl.hu\/prestige\/wp-content\/uploads\/2024\/05\/m-acryl-prestige-romantika-acryl-szabadon-allo-kad-feher-06.webp\" \/>\n\t<meta property=\"og:image:width\" content=\"1920\" \/>\n\t<meta property=\"og:image:height\" content=\"1200\" \/>\n\t<meta property=\"og:image:type\" content=\"image\/webp\" \/>\n<meta name=\"twitter:card\" content=\"summary_large_image\" \/>\n<meta name=\"twitter:label1\" content=\"Becs\u00fclt olvas\u00e1si id\u0151\" \/>\n\t<meta name=\"twitter:data1\" content=\"1 perc\" \/>\n<script type=\"application\/ld+json\" class=\"yoast-schema-graph\">{\"@context\":\"https:\/\/schema.org\",\"@graph\":[{\"@type\":\"WebPage\",\"@id\":\"https:\/\/m-acryl.hu\/prestige\/termek\/romantika-szabadon-allo-akril-kad\/\",\"url\":\"https:\/\/m-acryl.hu\/prestige\/termek\/romantika-szabadon-allo-akril-kad\/\",\"name\":\"Romantika szabadon \u00e1ll\u00f3 akril k\u00e1d - Prestige\",\"isPartOf\":{\"@id\":\"https:\/\/m-acryl.hu\/prestige\/#website\"},\"primaryImageOfPage\":{\"@id\":\"https:\/\/m-acryl.hu\/prestige\/termek\/romantika-szabadon-allo-akril-kad\/#primaryimage\"},\"image\":{\"@id\":\"https:\/\/m-acryl.hu\/prestige\/termek\/romantika-szabadon-allo-akril-kad\/#primaryimage\"},\"thumbnailUrl\":\"https:\/\/m-acryl.hu\/prestige\/wp-content\/uploads\/2024\/05\/m-acryl-prestige-romantika-acryl-szabadon-allo-kad-feher-06.webp\",\"datePublished\":\"2024-06-04T12:34:44+00:00\",\"dateModified\":\"2026-04-08T08:53:49+00:00\",\"description\":\"A Prestige k\u00e1dkollekci\u00f3 darabja a Romantika szabadon \u00e1ll\u00f3 k\u00e1d. Ha luxust keres megfizethet\u0151 \u00e1ron, n\u00e9zze meg a kateg\u00f3ri\u00e1j\u00e1ban olcs\u00f3 szabadon \u00e1ll\u00f3 k\u00e1dat!\",\"breadcrumb\":{\"@id\":\"https:\/\/m-acryl.hu\/prestige\/termek\/romantika-szabadon-allo-akril-kad\/#breadcrumb\"},\"inLanguage\":\"hu\",\"potentialAction\":[{\"@type\":\"ReadAction\",\"target\":[\"https:\/\/m-acryl.hu\/prestige\/termek\/romantika-szabadon-allo-akril-kad\/\"]}]},{\"@type\":\"ImageObject\",\"inLanguage\":\"hu\",\"@id\":\"https:\/\/m-acryl.hu\/prestige\/termek\/romantika-szabadon-allo-akril-kad\/#primaryimage\",\"url\":\"https:\/\/m-acryl.hu\/prestige\/wp-content\/uploads\/2024\/05\/m-acryl-prestige-romantika-acryl-szabadon-allo-kad-feher-06.webp\",\"contentUrl\":\"https:\/\/m-acryl.hu\/prestige\/wp-content\/uploads\/2024\/05\/m-acryl-prestige-romantika-acryl-szabadon-allo-kad-feher-06.webp\",\"width\":1920,\"height\":1200,\"caption\":\"M-Acryl Prestige k\u00e1d, Romantika szabadon \u00e1ll\u00f3 k\u00e1d, design k\u00e1d, design f\u00fcrd\u0151k\u00e1d, design f\u00fcrd\u0151szoba\"},{\"@type\":\"BreadcrumbList\",\"@id\":\"https:\/\/m-acryl.hu\/prestige\/termek\/romantika-szabadon-allo-akril-kad\/#breadcrumb\",\"itemListElement\":[{\"@type\":\"ListItem\",\"position\":1,\"name\":\"Kezd\u0151lap\",\"item\":\"https:\/\/m-acryl.hu\/prestige\/\"},{\"@type\":\"ListItem\",\"position\":2,\"name\":\"K\u00e1dak\",\"item\":\"https:\/\/m-acryl.hu\/prestige\/kadak\/\"},{\"@type\":\"ListItem\",\"position\":3,\"name\":\"Romantika szabadon \u00e1ll\u00f3 akril k\u00e1d\"}]},{\"@type\":\"WebSite\",\"@id\":\"https:\/\/m-acryl.hu\/prestige\/#website\",\"url\":\"https:\/\/m-acryl.hu\/prestige\/\",\"name\":\"Prestige\",\"description\":\"Kiemelt k\u00e9nyelem minden nap\",\"potentialAction\":[{\"@type\":\"SearchAction\",\"target\":{\"@type\":\"EntryPoint\",\"urlTemplate\":\"https:\/\/m-acryl.hu\/prestige\/?s={search_term_string}\"},\"query-input\":{\"@type\":\"PropertyValueSpecification\",\"valueRequired\":true,\"valueName\":\"search_term_string\"}}],\"inLanguage\":\"hu\"}]}<\/script>\n<!-- \/ Yoast SEO plugin. -->","yoast_head_json":{"title":"Romantika szabadon \u00e1ll\u00f3 akril k\u00e1d - Prestige","description":"A Prestige k\u00e1dkollekci\u00f3 darabja a Romantika szabadon \u00e1ll\u00f3 k\u00e1d. Ha luxust keres megfizethet\u0151 \u00e1ron, n\u00e9zze meg a kateg\u00f3ri\u00e1j\u00e1ban olcs\u00f3 szabadon \u00e1ll\u00f3 k\u00e1dat!","robots":{"index":"index","follow":"follow","max-snippet":"max-snippet:-1","max-image-preview":"max-image-preview:large","max-video-preview":"max-video-preview:-1"},"canonical":"https:\/\/m-acryl.hu\/prestige\/termek\/romantika-szabadon-allo-akril-kad\/","og_locale":"hu_HU","og_type":"article","og_title":"Romantika szabadon \u00e1ll\u00f3 akril k\u00e1d - Prestige","og_description":"A Prestige k\u00e1dkollekci\u00f3 darabja a Romantika szabadon \u00e1ll\u00f3 k\u00e1d. Ha luxust keres megfizethet\u0151 \u00e1ron, n\u00e9zze meg a kateg\u00f3ri\u00e1j\u00e1ban olcs\u00f3 szabadon \u00e1ll\u00f3 k\u00e1dat!","og_url":"https:\/\/m-acryl.hu\/prestige\/termek\/romantika-szabadon-allo-akril-kad\/","og_site_name":"Prestige","article_modified_time":"2026-04-08T08:53:49+00:00","og_image":[{"width":1920,"height":1200,"url":"https:\/\/m-acryl.hu\/prestige\/wp-content\/uploads\/2024\/05\/m-acryl-prestige-romantika-acryl-szabadon-allo-kad-feher-06.webp","type":"image\/webp"}],"twitter_card":"summary_large_image","twitter_misc":{"Becs\u00fclt olvas\u00e1si id\u0151":"1 perc"},"schema":{"@context":"https:\/\/schema.org","@graph":[{"@type":"WebPage","@id":"https:\/\/m-acryl.hu\/prestige\/termek\/romantika-szabadon-allo-akril-kad\/","url":"https:\/\/m-acryl.hu\/prestige\/termek\/romantika-szabadon-allo-akril-kad\/","name":"Romantika szabadon \u00e1ll\u00f3 akril k\u00e1d - Prestige","isPartOf":{"@id":"https:\/\/m-acryl.hu\/prestige\/#website"},"primaryImageOfPage":{"@id":"https:\/\/m-acryl.hu\/prestige\/termek\/romantika-szabadon-allo-akril-kad\/#primaryimage"},"image":{"@id":"https:\/\/m-acryl.hu\/prestige\/termek\/romantika-szabadon-allo-akril-kad\/#primaryimage"},"thumbnailUrl":"https:\/\/m-acryl.hu\/prestige\/wp-content\/uploads\/2024\/05\/m-acryl-prestige-romantika-acryl-szabadon-allo-kad-feher-06.webp","datePublished":"2024-06-04T12:34:44+00:00","dateModified":"2026-04-08T08:53:49+00:00","description":"A Prestige k\u00e1dkollekci\u00f3 darabja a Romantika szabadon \u00e1ll\u00f3 k\u00e1d. Ha luxust keres megfizethet\u0151 \u00e1ron, n\u00e9zze meg a kateg\u00f3ri\u00e1j\u00e1ban olcs\u00f3 szabadon \u00e1ll\u00f3 k\u00e1dat!","breadcrumb":{"@id":"https:\/\/m-acryl.hu\/prestige\/termek\/romantika-szabadon-allo-akril-kad\/#breadcrumb"},"inLanguage":"hu","potentialAction":[{"@type":"ReadAction","target":["https:\/\/m-acryl.hu\/prestige\/termek\/romantika-szabadon-allo-akril-kad\/"]}]},{"@type":"ImageObject","inLanguage":"hu","@id":"https:\/\/m-acryl.hu\/prestige\/termek\/romantika-szabadon-allo-akril-kad\/#primaryimage","url":"https:\/\/m-acryl.hu\/prestige\/wp-content\/uploads\/2024\/05\/m-acryl-prestige-romantika-acryl-szabadon-allo-kad-feher-06.webp","contentUrl":"https:\/\/m-acryl.hu\/prestige\/wp-content\/uploads\/2024\/05\/m-acryl-prestige-romantika-acryl-szabadon-allo-kad-feher-06.webp","width":1920,"height":1200,"caption":"M-Acryl Prestige k\u00e1d, Romantika szabadon \u00e1ll\u00f3 k\u00e1d, design k\u00e1d, design f\u00fcrd\u0151k\u00e1d, design f\u00fcrd\u0151szoba"},{"@type":"BreadcrumbList","@id":"https:\/\/m-acryl.hu\/prestige\/termek\/romantika-szabadon-allo-akril-kad\/#breadcrumb","itemListElement":[{"@type":"ListItem","position":1,"name":"Kezd\u0151lap","item":"https:\/\/m-acryl.hu\/prestige\/"},{"@type":"ListItem","position":2,"name":"K\u00e1dak","item":"https:\/\/m-acryl.hu\/prestige\/kadak\/"},{"@type":"ListItem","position":3,"name":"Romantika szabadon \u00e1ll\u00f3 akril k\u00e1d"}]},{"@type":"WebSite","@id":"https:\/\/m-acryl.hu\/prestige\/#website","url":"https:\/\/m-acryl.hu\/prestige\/","name":"Prestige","description":"Kiemelt k\u00e9nyelem minden nap","potentialAction":[{"@type":"SearchAction","target":{"@type":"EntryPoint","urlTemplate":"https:\/\/m-acryl.hu\/prestige\/?s={search_term_string}"},"query-input":{"@type":"PropertyValueSpecification","valueRequired":true,"valueName":"search_term_string"}}],"inLanguage":"hu"}]}},"_links":{"self":[{"href":"https:\/\/m-acryl.hu\/prestige\/wp-json\/wp\/v2\/product\/4356","targetHints":{"allow":["GET"]}}],"collection":[{"href":"https:\/\/m-acryl.hu\/prestige\/wp-json\/wp\/v2\/product"}],"about":[{"href":"https:\/\/m-acryl.hu\/prestige\/wp-json\/wp\/v2\/types\/product"}],"wp:featuredmedia":[{"embeddable":true,"href":"https:\/\/m-acryl.hu\/prestige\/wp-json\/wp\/v2\/media\/3858"}],"wp:attachment":[{"href":"https:\/\/m-acryl.hu\/prestige\/wp-json\/wp\/v2\/media?parent=4356"}],"wp:term":[{"taxonomy":"product_brand","embeddable":true,"href":"https:\/\/m-acryl.hu\/prestige\/wp-json\/wp\/v2\/product_brand?post=4356"},{"taxonomy":"product_cat","embeddable":true,"href":"https:\/\/m-acryl.hu\/prestige\/wp-json\/wp\/v2\/product_cat?post=4356"},{"taxonomy":"product_tag","embeddable":true,"href":"https:\/\/m-acryl.hu\/prestige\/wp-json\/wp\/v2\/product_tag?post=4356"}],"curies":[{"name":"wp","href":"https:\/\/api.w.org\/{rel}","templated":true}]}}