{"id":4342,"date":"2024-06-04T12:29:27","date_gmt":"2024-06-04T12:29:27","guid":{"rendered":"https:\/\/m-acryl.hu\/prestige\/?post_type=product&#038;p=4342"},"modified":"2026-04-08T09:00:43","modified_gmt":"2026-04-08T09:00:43","slug":"lily-kulonleges-mumarvany-kad","status":"publish","type":"product","link":"https:\/\/m-acryl.hu\/prestige\/termek\/lily-kulonleges-mumarvany-kad\/","title":{"rendered":"Lily k\u00fcl\u00f6nleges m\u0171m\u00e1rv\u00e1ny k\u00e1d"},"content":{"rendered":"<p class=\"p1\">Sarokba tervezve, falhoz illeszked\u0151 eleg\u00e1ns m\u0171m\u00e1rv\u00e1ny k\u00e1d<\/p>\n","protected":false},"excerpt":{"rendered":"<p>A Lily k\u00fcl\u00f6nleges m\u0171m\u00e1rv\u00e1ny k\u00e1d a jelenlegi Prestige k\u00e1dkollekci\u00f3 cs\u00facsa. \u00d6tv\u00f6zi a szabadon \u00e1ll\u00f3 k\u00e1dak formafiloz\u00f3fi\u00e1j\u00e1t a sarokk\u00e1dak funkcionalit\u00e1s\u00e1val, de m\u00e1r els\u0151 r\u00e1n\u00e9z\u00e9sre is egy\u00e9rtelm\u0171: ez a sarokk\u00e1d nem klasszikus sarokk\u00e1d. Tal\u00e1n s\u00e9t\u00e1lt m\u00e1r \u00fagy Ath\u00e9n vagy R\u00f3ma utc\u00e1in, hogy \u00e1mulva n\u00e9zte a t\u00f6rt\u00e9nelmi jelent\u0151s\u00e9g\u0171 \u00e9p\u00fcleteket. Hasonl\u00f3 \u00e9rz\u00e9sek lenyomata j\u00e1rhatja \u00e1t a Lily k\u00e1dat n\u00e9zve. A m\u0171m\u00e1rv\u00e1ny eleganci\u00e1val \u00e9s nagys\u00e1ggal ruh\u00e1zza fel a f\u00fcrd\u0151szob\u00e1j\u00e1t. K\u00fcl\u00f6n\u00f6sen, ha a hozz\u00e1 ill\u0151 burkolatokat is ennek szellem\u00e9ben v\u00e1lasztja ki. A sarokba tervezett Lily, 175 cm-es hossz\u00e1val \u00e9s 82 centi sz\u00e9less\u00e9g\u00e9vel kell\u0151en t\u00e1gas \u00e9s k\u00e9nyelmes v\u00e1laszt\u00e1s a legmagasabbak sz\u00e1m\u00e1ra is.<\/p>\n<p><strong>A Lily k\u00fcl\u00f6nleges m\u0171m\u00e1rv\u00e1ny k\u00e1d f\u0151bb jellemz\u0151i:<\/strong><\/p>\n<ul>\n<li>\u00f6tv\u00f6zi a szabadon \u00e1ll\u00f3 k\u00e1dak \u00e9s a sarokk\u00e1dak el\u0151nyeit,<\/li>\n<li>175 cm-es hossz, 82 cm-es k\u00e1d sz\u00e9less\u00e9g<\/li>\n<li>balos \u00e9s jobbos kialak\u00edt\u00e1s<\/li>\n<li>M\u0171m\u00e1rv\u00e1ny anyag,<\/li>\n<li>Kisz\u00e1ll\u00edt\u00e1ssal k\u00e9rhet\u0151,<\/li>\n<li>F\u00e9nyes feh\u00e9r \u00e9s matt fekete sz\u00ednekben,<\/li>\n<li>15 \u00e9v garanci\u00e1val.<\/li>\n<\/ul>\n<p>Tervezzen otthon\u00e1ba pomp\u00e1s \u00e9s eleg\u00e1ns megjelen\u00e9s\u0171 f\u00fcrd\u0151szob\u00e1t a Lily m\u0171m\u00e1rv\u00e1ny k\u00e1ddal!<\/p>\n","protected":false},"featured_media":3825,"template":"","meta":[],"product_brand":[],"product_cat":[193,194,196,195,175,197,174,56,218,172],"product_tag":[52,53,54,147,200,199],"class_list":{"0":"post-4342","1":"product","2":"type-product","3":"status-publish","4":"has-post-thumbnail","6":"product_cat-15-ev-garancia","7":"product_cat-2-szemelyes-kad","8":"product_cat-antibakterialis-felulet","9":"product_cat-balos-jobbos","10":"product_cat-feher-kadak","11":"product_cat-kg","12":"product_cat-matt-fekete-kadak","13":"product_cat-mumarvany-kadak","14":"product_cat-pakolhato-feluletu-kadak","15":"product_cat-sarokba-rakhato-kadak","16":"product_tag-15-ev-garancia","17":"product_tag-2-szemelyes-kad","18":"product_tag-antibaterialis-felulet","19":"product_tag-balos-jobbos","20":"product_tag-kg","21":"product_tag-mumarvany","23":"first","24":"instock","25":"sold-individually","26":"shipping-taxable","27":"purchasable","28":"product-type-variable","29":"has-default-attributes"},"yoast_head":"<!-- This site is optimized with the Yoast SEO plugin v27.2 - https:\/\/yoast.com\/product\/yoast-seo-wordpress\/ -->\n<title>Lily k\u00fcl\u00f6nleges m\u0171m\u00e1rv\u00e1ny k\u00e1d - Prestige<\/title>\n<meta name=\"description\" content=\"A Lily k\u00fcl\u00f6nleges m\u0171m\u00e1rv\u00e1ny k\u00e1d a Prestige k\u00e1dkollekci\u00f3 cs\u00facsmodellje. Kialak\u00edt\u00e1sa t\u00e1gas \u00e9s k\u00e9nyelmes v\u00e1laszt\u00e1st jelent a legmagasabbak sz\u00e1m\u00e1ra is!\" \/>\n<meta name=\"robots\" content=\"index, follow, max-snippet:-1, max-image-preview:large, max-video-preview:-1\" \/>\n<link rel=\"canonical\" href=\"https:\/\/m-acryl.hu\/prestige\/termek\/lily-kulonleges-mumarvany-kad\/\" \/>\n<meta property=\"og:locale\" content=\"hu_HU\" \/>\n<meta property=\"og:type\" content=\"article\" \/>\n<meta property=\"og:title\" content=\"Lily k\u00fcl\u00f6nleges m\u0171m\u00e1rv\u00e1ny k\u00e1d - Prestige\" \/>\n<meta property=\"og:description\" content=\"A Lily k\u00fcl\u00f6nleges m\u0171m\u00e1rv\u00e1ny k\u00e1d a Prestige k\u00e1dkollekci\u00f3 cs\u00facsmodellje. Kialak\u00edt\u00e1sa t\u00e1gas \u00e9s k\u00e9nyelmes v\u00e1laszt\u00e1st jelent a legmagasabbak sz\u00e1m\u00e1ra is!\" \/>\n<meta property=\"og:url\" content=\"https:\/\/m-acryl.hu\/prestige\/termek\/lily-kulonleges-mumarvany-kad\/\" \/>\n<meta property=\"og:site_name\" content=\"Prestige\" \/>\n<meta property=\"article:modified_time\" content=\"2026-04-08T09:00:43+00:00\" \/>\n<meta property=\"og:image\" content=\"https:\/\/m-acryl.hu\/prestige\/wp-content\/uploads\/2024\/05\/m-acryl-prestige-lily-mumarvany-szabadon-allo-furdokad-feher-05.webp\" \/>\n\t<meta property=\"og:image:width\" content=\"1920\" \/>\n\t<meta property=\"og:image:height\" content=\"1200\" \/>\n\t<meta property=\"og:image:type\" content=\"image\/webp\" \/>\n<meta name=\"twitter:card\" content=\"summary_large_image\" \/>\n<meta name=\"twitter:label1\" content=\"Becs\u00fclt olvas\u00e1si id\u0151\" \/>\n\t<meta name=\"twitter:data1\" content=\"1 perc\" \/>\n<script type=\"application\/ld+json\" class=\"yoast-schema-graph\">{\"@context\":\"https:\/\/schema.org\",\"@graph\":[{\"@type\":\"WebPage\",\"@id\":\"https:\/\/m-acryl.hu\/prestige\/termek\/lily-kulonleges-mumarvany-kad\/\",\"url\":\"https:\/\/m-acryl.hu\/prestige\/termek\/lily-kulonleges-mumarvany-kad\/\",\"name\":\"Lily k\u00fcl\u00f6nleges m\u0171m\u00e1rv\u00e1ny k\u00e1d - Prestige\",\"isPartOf\":{\"@id\":\"https:\/\/m-acryl.hu\/prestige\/#website\"},\"primaryImageOfPage\":{\"@id\":\"https:\/\/m-acryl.hu\/prestige\/termek\/lily-kulonleges-mumarvany-kad\/#primaryimage\"},\"image\":{\"@id\":\"https:\/\/m-acryl.hu\/prestige\/termek\/lily-kulonleges-mumarvany-kad\/#primaryimage\"},\"thumbnailUrl\":\"https:\/\/m-acryl.hu\/prestige\/wp-content\/uploads\/2024\/05\/m-acryl-prestige-lily-mumarvany-szabadon-allo-furdokad-feher-05.webp\",\"datePublished\":\"2024-06-04T12:29:27+00:00\",\"dateModified\":\"2026-04-08T09:00:43+00:00\",\"description\":\"A Lily k\u00fcl\u00f6nleges m\u0171m\u00e1rv\u00e1ny k\u00e1d a Prestige k\u00e1dkollekci\u00f3 cs\u00facsmodellje. Kialak\u00edt\u00e1sa t\u00e1gas \u00e9s k\u00e9nyelmes v\u00e1laszt\u00e1st jelent a legmagasabbak sz\u00e1m\u00e1ra is!\",\"breadcrumb\":{\"@id\":\"https:\/\/m-acryl.hu\/prestige\/termek\/lily-kulonleges-mumarvany-kad\/#breadcrumb\"},\"inLanguage\":\"hu\",\"potentialAction\":[{\"@type\":\"ReadAction\",\"target\":[\"https:\/\/m-acryl.hu\/prestige\/termek\/lily-kulonleges-mumarvany-kad\/\"]}]},{\"@type\":\"ImageObject\",\"inLanguage\":\"hu\",\"@id\":\"https:\/\/m-acryl.hu\/prestige\/termek\/lily-kulonleges-mumarvany-kad\/#primaryimage\",\"url\":\"https:\/\/m-acryl.hu\/prestige\/wp-content\/uploads\/2024\/05\/m-acryl-prestige-lily-mumarvany-szabadon-allo-furdokad-feher-05.webp\",\"contentUrl\":\"https:\/\/m-acryl.hu\/prestige\/wp-content\/uploads\/2024\/05\/m-acryl-prestige-lily-mumarvany-szabadon-allo-furdokad-feher-05.webp\",\"width\":1920,\"height\":1200,\"caption\":\"M-Acryl Prestige k\u00e1d, Lily f\u00e9lszabadon \u00e1ll\u00f3 k\u00e1d, m\u0171m\u00e1rv\u00e1ny k\u00e1d, eleg\u00e1ns f\u00fcrd\u0151szoba, modern f\u00fcrd\u0151szoba\"},{\"@type\":\"BreadcrumbList\",\"@id\":\"https:\/\/m-acryl.hu\/prestige\/termek\/lily-kulonleges-mumarvany-kad\/#breadcrumb\",\"itemListElement\":[{\"@type\":\"ListItem\",\"position\":1,\"name\":\"Kezd\u0151lap\",\"item\":\"https:\/\/m-acryl.hu\/prestige\/\"},{\"@type\":\"ListItem\",\"position\":2,\"name\":\"K\u00e1dak\",\"item\":\"https:\/\/m-acryl.hu\/prestige\/kadak\/\"},{\"@type\":\"ListItem\",\"position\":3,\"name\":\"Lily k\u00fcl\u00f6nleges m\u0171m\u00e1rv\u00e1ny k\u00e1d\"}]},{\"@type\":\"WebSite\",\"@id\":\"https:\/\/m-acryl.hu\/prestige\/#website\",\"url\":\"https:\/\/m-acryl.hu\/prestige\/\",\"name\":\"Prestige\",\"description\":\"Kiemelt k\u00e9nyelem minden nap\",\"potentialAction\":[{\"@type\":\"SearchAction\",\"target\":{\"@type\":\"EntryPoint\",\"urlTemplate\":\"https:\/\/m-acryl.hu\/prestige\/?s={search_term_string}\"},\"query-input\":{\"@type\":\"PropertyValueSpecification\",\"valueRequired\":true,\"valueName\":\"search_term_string\"}}],\"inLanguage\":\"hu\"}]}<\/script>\n<!-- \/ Yoast SEO plugin. -->","yoast_head_json":{"title":"Lily k\u00fcl\u00f6nleges m\u0171m\u00e1rv\u00e1ny k\u00e1d - Prestige","description":"A Lily k\u00fcl\u00f6nleges m\u0171m\u00e1rv\u00e1ny k\u00e1d a Prestige k\u00e1dkollekci\u00f3 cs\u00facsmodellje. Kialak\u00edt\u00e1sa t\u00e1gas \u00e9s k\u00e9nyelmes v\u00e1laszt\u00e1st jelent a legmagasabbak sz\u00e1m\u00e1ra is!","robots":{"index":"index","follow":"follow","max-snippet":"max-snippet:-1","max-image-preview":"max-image-preview:large","max-video-preview":"max-video-preview:-1"},"canonical":"https:\/\/m-acryl.hu\/prestige\/termek\/lily-kulonleges-mumarvany-kad\/","og_locale":"hu_HU","og_type":"article","og_title":"Lily k\u00fcl\u00f6nleges m\u0171m\u00e1rv\u00e1ny k\u00e1d - Prestige","og_description":"A Lily k\u00fcl\u00f6nleges m\u0171m\u00e1rv\u00e1ny k\u00e1d a Prestige k\u00e1dkollekci\u00f3 cs\u00facsmodellje. Kialak\u00edt\u00e1sa t\u00e1gas \u00e9s k\u00e9nyelmes v\u00e1laszt\u00e1st jelent a legmagasabbak sz\u00e1m\u00e1ra is!","og_url":"https:\/\/m-acryl.hu\/prestige\/termek\/lily-kulonleges-mumarvany-kad\/","og_site_name":"Prestige","article_modified_time":"2026-04-08T09:00:43+00:00","og_image":[{"width":1920,"height":1200,"url":"https:\/\/m-acryl.hu\/prestige\/wp-content\/uploads\/2024\/05\/m-acryl-prestige-lily-mumarvany-szabadon-allo-furdokad-feher-05.webp","type":"image\/webp"}],"twitter_card":"summary_large_image","twitter_misc":{"Becs\u00fclt olvas\u00e1si id\u0151":"1 perc"},"schema":{"@context":"https:\/\/schema.org","@graph":[{"@type":"WebPage","@id":"https:\/\/m-acryl.hu\/prestige\/termek\/lily-kulonleges-mumarvany-kad\/","url":"https:\/\/m-acryl.hu\/prestige\/termek\/lily-kulonleges-mumarvany-kad\/","name":"Lily k\u00fcl\u00f6nleges m\u0171m\u00e1rv\u00e1ny k\u00e1d - Prestige","isPartOf":{"@id":"https:\/\/m-acryl.hu\/prestige\/#website"},"primaryImageOfPage":{"@id":"https:\/\/m-acryl.hu\/prestige\/termek\/lily-kulonleges-mumarvany-kad\/#primaryimage"},"image":{"@id":"https:\/\/m-acryl.hu\/prestige\/termek\/lily-kulonleges-mumarvany-kad\/#primaryimage"},"thumbnailUrl":"https:\/\/m-acryl.hu\/prestige\/wp-content\/uploads\/2024\/05\/m-acryl-prestige-lily-mumarvany-szabadon-allo-furdokad-feher-05.webp","datePublished":"2024-06-04T12:29:27+00:00","dateModified":"2026-04-08T09:00:43+00:00","description":"A Lily k\u00fcl\u00f6nleges m\u0171m\u00e1rv\u00e1ny k\u00e1d a Prestige k\u00e1dkollekci\u00f3 cs\u00facsmodellje. Kialak\u00edt\u00e1sa t\u00e1gas \u00e9s k\u00e9nyelmes v\u00e1laszt\u00e1st jelent a legmagasabbak sz\u00e1m\u00e1ra is!","breadcrumb":{"@id":"https:\/\/m-acryl.hu\/prestige\/termek\/lily-kulonleges-mumarvany-kad\/#breadcrumb"},"inLanguage":"hu","potentialAction":[{"@type":"ReadAction","target":["https:\/\/m-acryl.hu\/prestige\/termek\/lily-kulonleges-mumarvany-kad\/"]}]},{"@type":"ImageObject","inLanguage":"hu","@id":"https:\/\/m-acryl.hu\/prestige\/termek\/lily-kulonleges-mumarvany-kad\/#primaryimage","url":"https:\/\/m-acryl.hu\/prestige\/wp-content\/uploads\/2024\/05\/m-acryl-prestige-lily-mumarvany-szabadon-allo-furdokad-feher-05.webp","contentUrl":"https:\/\/m-acryl.hu\/prestige\/wp-content\/uploads\/2024\/05\/m-acryl-prestige-lily-mumarvany-szabadon-allo-furdokad-feher-05.webp","width":1920,"height":1200,"caption":"M-Acryl Prestige k\u00e1d, Lily f\u00e9lszabadon \u00e1ll\u00f3 k\u00e1d, m\u0171m\u00e1rv\u00e1ny k\u00e1d, eleg\u00e1ns f\u00fcrd\u0151szoba, modern f\u00fcrd\u0151szoba"},{"@type":"BreadcrumbList","@id":"https:\/\/m-acryl.hu\/prestige\/termek\/lily-kulonleges-mumarvany-kad\/#breadcrumb","itemListElement":[{"@type":"ListItem","position":1,"name":"Kezd\u0151lap","item":"https:\/\/m-acryl.hu\/prestige\/"},{"@type":"ListItem","position":2,"name":"K\u00e1dak","item":"https:\/\/m-acryl.hu\/prestige\/kadak\/"},{"@type":"ListItem","position":3,"name":"Lily k\u00fcl\u00f6nleges m\u0171m\u00e1rv\u00e1ny k\u00e1d"}]},{"@type":"WebSite","@id":"https:\/\/m-acryl.hu\/prestige\/#website","url":"https:\/\/m-acryl.hu\/prestige\/","name":"Prestige","description":"Kiemelt k\u00e9nyelem minden nap","potentialAction":[{"@type":"SearchAction","target":{"@type":"EntryPoint","urlTemplate":"https:\/\/m-acryl.hu\/prestige\/?s={search_term_string}"},"query-input":{"@type":"PropertyValueSpecification","valueRequired":true,"valueName":"search_term_string"}}],"inLanguage":"hu"}]}},"_links":{"self":[{"href":"https:\/\/m-acryl.hu\/prestige\/wp-json\/wp\/v2\/product\/4342","targetHints":{"allow":["GET"]}}],"collection":[{"href":"https:\/\/m-acryl.hu\/prestige\/wp-json\/wp\/v2\/product"}],"about":[{"href":"https:\/\/m-acryl.hu\/prestige\/wp-json\/wp\/v2\/types\/product"}],"wp:featuredmedia":[{"embeddable":true,"href":"https:\/\/m-acryl.hu\/prestige\/wp-json\/wp\/v2\/media\/3825"}],"wp:attachment":[{"href":"https:\/\/m-acryl.hu\/prestige\/wp-json\/wp\/v2\/media?parent=4342"}],"wp:term":[{"taxonomy":"product_brand","embeddable":true,"href":"https:\/\/m-acryl.hu\/prestige\/wp-json\/wp\/v2\/product_brand?post=4342"},{"taxonomy":"product_cat","embeddable":true,"href":"https:\/\/m-acryl.hu\/prestige\/wp-json\/wp\/v2\/product_cat?post=4342"},{"taxonomy":"product_tag","embeddable":true,"href":"https:\/\/m-acryl.hu\/prestige\/wp-json\/wp\/v2\/product_tag?post=4342"}],"curies":[{"name":"wp","href":"https:\/\/api.w.org\/{rel}","templated":true}]}}