{"id":4337,"date":"2024-06-04T12:23:35","date_gmt":"2024-06-04T12:23:35","guid":{"rendered":"https:\/\/m-acryl.hu\/prestige\/?post_type=product&#038;p=4337"},"modified":"2026-04-08T08:59:10","modified_gmt":"2026-04-08T08:59:10","slug":"rose-kulonleges-mumarvany-kad","status":"publish","type":"product","link":"https:\/\/m-acryl.hu\/prestige\/termek\/rose-kulonleges-mumarvany-kad\/","title":{"rendered":"Rose k\u00fcl\u00f6nleges m\u0171m\u00e1rv\u00e1ny k\u00e1d"},"content":{"rendered":"<p class=\"p1\">M\u0171v\u00e9szien kialak\u00edtott elegancia, falhoz simulva<\/p>\n","protected":false},"excerpt":{"rendered":"<p>A Rose szabadon \u00e1ll\u00f3 k\u00e1d h\u0171 n\u00e9vad\u00f3j\u00e1hoz, a r\u00f3zs\u00e1hoz. A r\u00f3zs\u00e1ban van egy izgalmas a fesz\u00fclts\u00e9g: gy\u00f6ny\u00f6r\u0171, de t\u00f6vise van. Ezt a vonz\u00f3 fesz\u00fclts\u00e9get biztons\u00e1gosan alkottuk \u00fajra: oldalr\u00f3l n\u00e9zve a Rose k\u00e1dfal\u00e1nak es\u00e9se hat\u00e1rozott. \u00cdgy k\u00edv\u00fclr\u0151l m\u00e1r-m\u00e1r szigor\u00fa, modern formavil\u00e1got l\u00e1tunk, de ahogy k\u00f6zeled\u00fcnk hozz\u00e1, a k\u00e1d is \u00fagy enged mag\u00e1hoz: a legl\u00e1gyabb l\u00e1gys\u00e1got adja a k\u00e1d bels\u0151 ter\u00e9nek kialak\u00edt\u00e1sa. H\u00e1rom oldalr\u00f3l k\u00f6r\u00fclj\u00e1rhat\u00f3 f\u00e9lszabadon \u00e1ll\u00f3 k\u00e1d, mely bels\u0151 oldal\u00e1val t\u00f6k\u00e9letesen illeszkedik a fal mell\u00e9. M\u00e9rete a 170&#215;80 k\u00e1dakhoz k\u00f6zel\u00edt, a hossz\u00e1b\u00f3l lecsippentett 2 centim\u00e9tert sz\u00e9less\u00e9gben adtuk vissza. Kis k\u00fcl\u00f6nbs\u00e9g, ami miatt t\u00e1gasabbnak \u00e9rezheti a f\u00fcrd\u0151k\u00e1dat. Fenomen\u00e1lis kialak\u00edt\u00e1s, amit egyszerre 2 szem\u00e9ly is \u00e9lvezhet \u2013 l\u00e9v\u00e9n a k\u00e1d k\u00e9tszem\u00e9lyes.<\/p>\n<p><strong>A Rose falra tolhat\u00f3 szabadon \u00e1ll\u00f3 k\u00e1d f\u0151bb tulajdons\u00e1gai:<\/strong><\/p>\n<ul>\n<li>168&#215;82 cm-es f\u00fcrd\u0151k\u00e1d,<\/li>\n<li>matt feket\u00e9ben \u00e9s feh\u00e9rben v\u00e1laszthat\u00f3,<\/li>\n<li>k\u00e9t szem\u00e9lynek is k\u00e9nyelmes,<\/li>\n<li>Kisz\u00e1ll\u00edt\u00e1ssal k\u00e9rhet\u0151,<\/li>\n<li>15 \u00e9v garanci\u00e1val v\u00e1s\u00e1rolhatja meg.<\/li>\n<\/ul>\n<p>\u00d6nnek val\u00f3 a Rose falra tolhat\u00f3 szabadon \u00e1ll\u00f3 k\u00e1d, ha k\u00e9nyelmes \u00e9s izgalmas formavil\u00e1g\u00fa f\u00fcrd\u0151k\u00e1dat k\u00e9pzelt el!<\/p>\n","protected":false},"featured_media":3820,"template":"","meta":[],"product_brand":[],"product_cat":[193,194,196,171,175,197,174,56,218],"product_tag":[52,53,54,200,199],"class_list":{"0":"post-4337","1":"product","2":"type-product","3":"status-publish","4":"has-post-thumbnail","6":"product_cat-15-ev-garancia","7":"product_cat-2-szemelyes-kad","8":"product_cat-antibakterialis-felulet","9":"product_cat-falhoz-rakhato-kadak","10":"product_cat-feher-kadak","11":"product_cat-kg","12":"product_cat-matt-fekete-kadak","13":"product_cat-mumarvany-kadak","14":"product_cat-pakolhato-feluletu-kadak","15":"product_tag-15-ev-garancia","16":"product_tag-2-szemelyes-kad","17":"product_tag-antibaterialis-felulet","18":"product_tag-kg","19":"product_tag-mumarvany","21":"first","22":"instock","23":"sold-individually","24":"shipping-taxable","25":"purchasable","26":"product-type-variable","27":"has-default-attributes"},"yoast_head":"<!-- This site is optimized with the Yoast SEO plugin v27.2 - https:\/\/yoast.com\/product\/yoast-seo-wordpress\/ -->\n<title>Rose k\u00fcl\u00f6nleges m\u0171m\u00e1rv\u00e1ny k\u00e1d - Prestige<\/title>\n<meta name=\"description\" content=\"A Rose f\u00e9lszabadon \u00e1ll\u00f3 k\u00e1d harmonikus kett\u0151s\u00e9g\u00e9nek titka: k\u00edv\u00fclr\u0151l m\u00e1r-m\u00e1r szigor\u00fa,modern formavil\u00e1got, l\u00e1gy bels\u0151 \u00edvekkel. N\u00e9zze meg a Rose f\u00fcrd\u0151k\u00e1dat!\" \/>\n<meta name=\"robots\" content=\"index, follow, max-snippet:-1, max-image-preview:large, max-video-preview:-1\" \/>\n<link rel=\"canonical\" href=\"https:\/\/m-acryl.hu\/prestige\/termek\/rose-kulonleges-mumarvany-kad\/\" \/>\n<meta property=\"og:locale\" content=\"hu_HU\" \/>\n<meta property=\"og:type\" content=\"article\" \/>\n<meta property=\"og:title\" content=\"Rose k\u00fcl\u00f6nleges m\u0171m\u00e1rv\u00e1ny k\u00e1d - Prestige\" \/>\n<meta property=\"og:description\" content=\"A Rose f\u00e9lszabadon \u00e1ll\u00f3 k\u00e1d harmonikus kett\u0151s\u00e9g\u00e9nek titka: k\u00edv\u00fclr\u0151l m\u00e1r-m\u00e1r szigor\u00fa,modern formavil\u00e1got, l\u00e1gy bels\u0151 \u00edvekkel. N\u00e9zze meg a Rose f\u00fcrd\u0151k\u00e1dat!\" \/>\n<meta property=\"og:url\" content=\"https:\/\/m-acryl.hu\/prestige\/termek\/rose-kulonleges-mumarvany-kad\/\" \/>\n<meta property=\"og:site_name\" content=\"Prestige\" \/>\n<meta property=\"article:modified_time\" content=\"2026-04-08T08:59:10+00:00\" \/>\n<meta property=\"og:image\" content=\"https:\/\/m-acryl.hu\/prestige\/wp-content\/uploads\/2024\/05\/m-acryl-prestige-rose-mumarvany-szabadon-allo-furdokad-feher-07.webp\" \/>\n\t<meta property=\"og:image:width\" content=\"1920\" \/>\n\t<meta property=\"og:image:height\" content=\"1200\" \/>\n\t<meta property=\"og:image:type\" content=\"image\/webp\" \/>\n<meta name=\"twitter:card\" content=\"summary_large_image\" \/>\n<meta name=\"twitter:label1\" content=\"Becs\u00fclt olvas\u00e1si id\u0151\" \/>\n\t<meta name=\"twitter:data1\" content=\"1 perc\" \/>\n<script type=\"application\/ld+json\" class=\"yoast-schema-graph\">{\"@context\":\"https:\/\/schema.org\",\"@graph\":[{\"@type\":\"WebPage\",\"@id\":\"https:\/\/m-acryl.hu\/prestige\/termek\/rose-kulonleges-mumarvany-kad\/\",\"url\":\"https:\/\/m-acryl.hu\/prestige\/termek\/rose-kulonleges-mumarvany-kad\/\",\"name\":\"Rose k\u00fcl\u00f6nleges m\u0171m\u00e1rv\u00e1ny k\u00e1d - Prestige\",\"isPartOf\":{\"@id\":\"https:\/\/m-acryl.hu\/prestige\/#website\"},\"primaryImageOfPage\":{\"@id\":\"https:\/\/m-acryl.hu\/prestige\/termek\/rose-kulonleges-mumarvany-kad\/#primaryimage\"},\"image\":{\"@id\":\"https:\/\/m-acryl.hu\/prestige\/termek\/rose-kulonleges-mumarvany-kad\/#primaryimage\"},\"thumbnailUrl\":\"https:\/\/m-acryl.hu\/prestige\/wp-content\/uploads\/2024\/05\/m-acryl-prestige-rose-mumarvany-szabadon-allo-furdokad-feher-07.webp\",\"datePublished\":\"2024-06-04T12:23:35+00:00\",\"dateModified\":\"2026-04-08T08:59:10+00:00\",\"description\":\"A Rose f\u00e9lszabadon \u00e1ll\u00f3 k\u00e1d harmonikus kett\u0151s\u00e9g\u00e9nek titka: k\u00edv\u00fclr\u0151l m\u00e1r-m\u00e1r szigor\u00fa,modern formavil\u00e1got, l\u00e1gy bels\u0151 \u00edvekkel. N\u00e9zze meg a Rose f\u00fcrd\u0151k\u00e1dat!\",\"breadcrumb\":{\"@id\":\"https:\/\/m-acryl.hu\/prestige\/termek\/rose-kulonleges-mumarvany-kad\/#breadcrumb\"},\"inLanguage\":\"hu\",\"potentialAction\":[{\"@type\":\"ReadAction\",\"target\":[\"https:\/\/m-acryl.hu\/prestige\/termek\/rose-kulonleges-mumarvany-kad\/\"]}]},{\"@type\":\"ImageObject\",\"inLanguage\":\"hu\",\"@id\":\"https:\/\/m-acryl.hu\/prestige\/termek\/rose-kulonleges-mumarvany-kad\/#primaryimage\",\"url\":\"https:\/\/m-acryl.hu\/prestige\/wp-content\/uploads\/2024\/05\/m-acryl-prestige-rose-mumarvany-szabadon-allo-furdokad-feher-07.webp\",\"contentUrl\":\"https:\/\/m-acryl.hu\/prestige\/wp-content\/uploads\/2024\/05\/m-acryl-prestige-rose-mumarvany-szabadon-allo-furdokad-feher-07.webp\",\"width\":1920,\"height\":1200,\"caption\":\"M-Acryl Prestige k\u00e1d, Rose f\u00e9lszabadon \u00e1ll\u00f3 k\u00e1d, eleg\u00e1ns f\u00fcrd\u0151szoba, m\u0171m\u00e1rv\u00e1ny k\u00e1d\"},{\"@type\":\"BreadcrumbList\",\"@id\":\"https:\/\/m-acryl.hu\/prestige\/termek\/rose-kulonleges-mumarvany-kad\/#breadcrumb\",\"itemListElement\":[{\"@type\":\"ListItem\",\"position\":1,\"name\":\"Kezd\u0151lap\",\"item\":\"https:\/\/m-acryl.hu\/prestige\/\"},{\"@type\":\"ListItem\",\"position\":2,\"name\":\"K\u00e1dak\",\"item\":\"https:\/\/m-acryl.hu\/prestige\/kadak\/\"},{\"@type\":\"ListItem\",\"position\":3,\"name\":\"Rose k\u00fcl\u00f6nleges m\u0171m\u00e1rv\u00e1ny k\u00e1d\"}]},{\"@type\":\"WebSite\",\"@id\":\"https:\/\/m-acryl.hu\/prestige\/#website\",\"url\":\"https:\/\/m-acryl.hu\/prestige\/\",\"name\":\"Prestige\",\"description\":\"Kiemelt k\u00e9nyelem minden nap\",\"potentialAction\":[{\"@type\":\"SearchAction\",\"target\":{\"@type\":\"EntryPoint\",\"urlTemplate\":\"https:\/\/m-acryl.hu\/prestige\/?s={search_term_string}\"},\"query-input\":{\"@type\":\"PropertyValueSpecification\",\"valueRequired\":true,\"valueName\":\"search_term_string\"}}],\"inLanguage\":\"hu\"}]}<\/script>\n<!-- \/ Yoast SEO plugin. -->","yoast_head_json":{"title":"Rose k\u00fcl\u00f6nleges m\u0171m\u00e1rv\u00e1ny k\u00e1d - Prestige","description":"A Rose f\u00e9lszabadon \u00e1ll\u00f3 k\u00e1d harmonikus kett\u0151s\u00e9g\u00e9nek titka: k\u00edv\u00fclr\u0151l m\u00e1r-m\u00e1r szigor\u00fa,modern formavil\u00e1got, l\u00e1gy bels\u0151 \u00edvekkel. N\u00e9zze meg a Rose f\u00fcrd\u0151k\u00e1dat!","robots":{"index":"index","follow":"follow","max-snippet":"max-snippet:-1","max-image-preview":"max-image-preview:large","max-video-preview":"max-video-preview:-1"},"canonical":"https:\/\/m-acryl.hu\/prestige\/termek\/rose-kulonleges-mumarvany-kad\/","og_locale":"hu_HU","og_type":"article","og_title":"Rose k\u00fcl\u00f6nleges m\u0171m\u00e1rv\u00e1ny k\u00e1d - Prestige","og_description":"A Rose f\u00e9lszabadon \u00e1ll\u00f3 k\u00e1d harmonikus kett\u0151s\u00e9g\u00e9nek titka: k\u00edv\u00fclr\u0151l m\u00e1r-m\u00e1r szigor\u00fa,modern formavil\u00e1got, l\u00e1gy bels\u0151 \u00edvekkel. N\u00e9zze meg a Rose f\u00fcrd\u0151k\u00e1dat!","og_url":"https:\/\/m-acryl.hu\/prestige\/termek\/rose-kulonleges-mumarvany-kad\/","og_site_name":"Prestige","article_modified_time":"2026-04-08T08:59:10+00:00","og_image":[{"width":1920,"height":1200,"url":"https:\/\/m-acryl.hu\/prestige\/wp-content\/uploads\/2024\/05\/m-acryl-prestige-rose-mumarvany-szabadon-allo-furdokad-feher-07.webp","type":"image\/webp"}],"twitter_card":"summary_large_image","twitter_misc":{"Becs\u00fclt olvas\u00e1si id\u0151":"1 perc"},"schema":{"@context":"https:\/\/schema.org","@graph":[{"@type":"WebPage","@id":"https:\/\/m-acryl.hu\/prestige\/termek\/rose-kulonleges-mumarvany-kad\/","url":"https:\/\/m-acryl.hu\/prestige\/termek\/rose-kulonleges-mumarvany-kad\/","name":"Rose k\u00fcl\u00f6nleges m\u0171m\u00e1rv\u00e1ny k\u00e1d - Prestige","isPartOf":{"@id":"https:\/\/m-acryl.hu\/prestige\/#website"},"primaryImageOfPage":{"@id":"https:\/\/m-acryl.hu\/prestige\/termek\/rose-kulonleges-mumarvany-kad\/#primaryimage"},"image":{"@id":"https:\/\/m-acryl.hu\/prestige\/termek\/rose-kulonleges-mumarvany-kad\/#primaryimage"},"thumbnailUrl":"https:\/\/m-acryl.hu\/prestige\/wp-content\/uploads\/2024\/05\/m-acryl-prestige-rose-mumarvany-szabadon-allo-furdokad-feher-07.webp","datePublished":"2024-06-04T12:23:35+00:00","dateModified":"2026-04-08T08:59:10+00:00","description":"A Rose f\u00e9lszabadon \u00e1ll\u00f3 k\u00e1d harmonikus kett\u0151s\u00e9g\u00e9nek titka: k\u00edv\u00fclr\u0151l m\u00e1r-m\u00e1r szigor\u00fa,modern formavil\u00e1got, l\u00e1gy bels\u0151 \u00edvekkel. N\u00e9zze meg a Rose f\u00fcrd\u0151k\u00e1dat!","breadcrumb":{"@id":"https:\/\/m-acryl.hu\/prestige\/termek\/rose-kulonleges-mumarvany-kad\/#breadcrumb"},"inLanguage":"hu","potentialAction":[{"@type":"ReadAction","target":["https:\/\/m-acryl.hu\/prestige\/termek\/rose-kulonleges-mumarvany-kad\/"]}]},{"@type":"ImageObject","inLanguage":"hu","@id":"https:\/\/m-acryl.hu\/prestige\/termek\/rose-kulonleges-mumarvany-kad\/#primaryimage","url":"https:\/\/m-acryl.hu\/prestige\/wp-content\/uploads\/2024\/05\/m-acryl-prestige-rose-mumarvany-szabadon-allo-furdokad-feher-07.webp","contentUrl":"https:\/\/m-acryl.hu\/prestige\/wp-content\/uploads\/2024\/05\/m-acryl-prestige-rose-mumarvany-szabadon-allo-furdokad-feher-07.webp","width":1920,"height":1200,"caption":"M-Acryl Prestige k\u00e1d, Rose f\u00e9lszabadon \u00e1ll\u00f3 k\u00e1d, eleg\u00e1ns f\u00fcrd\u0151szoba, m\u0171m\u00e1rv\u00e1ny k\u00e1d"},{"@type":"BreadcrumbList","@id":"https:\/\/m-acryl.hu\/prestige\/termek\/rose-kulonleges-mumarvany-kad\/#breadcrumb","itemListElement":[{"@type":"ListItem","position":1,"name":"Kezd\u0151lap","item":"https:\/\/m-acryl.hu\/prestige\/"},{"@type":"ListItem","position":2,"name":"K\u00e1dak","item":"https:\/\/m-acryl.hu\/prestige\/kadak\/"},{"@type":"ListItem","position":3,"name":"Rose k\u00fcl\u00f6nleges m\u0171m\u00e1rv\u00e1ny k\u00e1d"}]},{"@type":"WebSite","@id":"https:\/\/m-acryl.hu\/prestige\/#website","url":"https:\/\/m-acryl.hu\/prestige\/","name":"Prestige","description":"Kiemelt k\u00e9nyelem minden nap","potentialAction":[{"@type":"SearchAction","target":{"@type":"EntryPoint","urlTemplate":"https:\/\/m-acryl.hu\/prestige\/?s={search_term_string}"},"query-input":{"@type":"PropertyValueSpecification","valueRequired":true,"valueName":"search_term_string"}}],"inLanguage":"hu"}]}},"_links":{"self":[{"href":"https:\/\/m-acryl.hu\/prestige\/wp-json\/wp\/v2\/product\/4337","targetHints":{"allow":["GET"]}}],"collection":[{"href":"https:\/\/m-acryl.hu\/prestige\/wp-json\/wp\/v2\/product"}],"about":[{"href":"https:\/\/m-acryl.hu\/prestige\/wp-json\/wp\/v2\/types\/product"}],"wp:featuredmedia":[{"embeddable":true,"href":"https:\/\/m-acryl.hu\/prestige\/wp-json\/wp\/v2\/media\/3820"}],"wp:attachment":[{"href":"https:\/\/m-acryl.hu\/prestige\/wp-json\/wp\/v2\/media?parent=4337"}],"wp:term":[{"taxonomy":"product_brand","embeddable":true,"href":"https:\/\/m-acryl.hu\/prestige\/wp-json\/wp\/v2\/product_brand?post=4337"},{"taxonomy":"product_cat","embeddable":true,"href":"https:\/\/m-acryl.hu\/prestige\/wp-json\/wp\/v2\/product_cat?post=4337"},{"taxonomy":"product_tag","embeddable":true,"href":"https:\/\/m-acryl.hu\/prestige\/wp-json\/wp\/v2\/product_tag?post=4337"}],"curies":[{"name":"wp","href":"https:\/\/api.w.org\/{rel}","templated":true}]}}