{"id":4190,"date":"2024-06-03T12:48:08","date_gmt":"2024-06-03T12:48:08","guid":{"rendered":"https:\/\/m-acryl.hu\/prestige\/?page_id=4190"},"modified":"2026-03-18T11:48:27","modified_gmt":"2026-03-18T11:48:27","slug":"konfigurator-urlap","status":"publish","type":"page","link":"https:\/\/m-acryl.hu\/prestige\/konfigurator-urlap\/","title":{"rendered":"Konfigur\u00e1tor \u0170rlap"},"content":{"rendered":"<div class=\"fusion-fullwidth fullwidth-box fusion-builder-row-1 fusion-flex-container nonhundred-percent-fullwidth non-hundred-percent-height-scrolling\" style=\"--awb-border-radius-top-left:0px;--awb-border-radius-top-right:0px;--awb-border-radius-bottom-right:0px;--awb-border-radius-bottom-left:0px;--awb-flex-wrap:wrap;\" ><div class=\"fusion-builder-row fusion-row fusion-flex-align-items-flex-start fusion-flex-content-wrap\" style=\"max-width:1310.4px;margin-left: calc(-4% \/ 2 );margin-right: calc(-4% \/ 2 );\"><div class=\"fusion-layout-column fusion_builder_column fusion-builder-column-0 fusion_builder_column_1_1 1_1 fusion-flex-column\" style=\"--awb-bg-size:cover;--awb-width-large:100%;--awb-margin-top-large:0px;--awb-spacing-right-large:1.92%;--awb-margin-bottom-large:0px;--awb-spacing-left-large:1.92%;--awb-width-medium:100%;--awb-spacing-right-medium:1.92%;--awb-spacing-left-medium:1.92%;--awb-width-small:100%;--awb-spacing-right-small:1.92%;--awb-spacing-left-small:1.92%;\"><div class=\"fusion-column-wrapper fusion-flex-justify-content-flex-start fusion-content-layout-column\"><div class=\"fusion-text fusion-text-1\"><p> <script defer=\"defer\" src=\"https:\/\/forms.metahungary.hu\/prestige\/app\/static\/js\/main.forms.js?v=8\"><\/script><\/p>\n<div id=\"meta-forms-app\"><\/div>\n<\/div><\/div><\/div><\/div><\/div>\n","protected":false},"excerpt":{"rendered":"","protected":false},"author":1,"featured_media":0,"parent":0,"menu_order":0,"comment_status":"closed","ping_status":"closed","template":"blank.php","meta":{"footnotes":""},"class_list":["post-4190","page","type-page","status-publish","hentry"],"yoast_head":"<!-- This site is optimized with the Yoast SEO plugin v27.2 - https:\/\/yoast.com\/product\/yoast-seo-wordpress\/ -->\n<title>Konfigur\u00e1tor \u0170rlap - Prestige<\/title>\n<meta name=\"description\" content=\"K\u00e1dv\u00e1laszt\u00e1s egyszer\u0171en: t\u00f6ltse ki a Prestige k\u00e1dv\u00e1laszt\u00f3t, \u00e9s fedezze fel az ig\u00e9nyeihez ill\u0151 pr\u00e9mium szabadon \u00e1ll\u00f3 vagy k\u00fcl\u00f6nleges k\u00e1dakat.\" \/>\n<meta name=\"robots\" content=\"index, follow, max-snippet:-1, max-image-preview:large, max-video-preview:-1\" \/>\n<link rel=\"canonical\" href=\"https:\/\/m-acryl.hu\/prestige\/konfigurator-urlap\/\" \/>\n<meta property=\"og:locale\" content=\"hu_HU\" \/>\n<meta property=\"og:type\" content=\"article\" \/>\n<meta property=\"og:title\" content=\"Konfigur\u00e1tor \u0170rlap - Prestige\" \/>\n<meta property=\"og:description\" content=\"K\u00e1dv\u00e1laszt\u00e1s egyszer\u0171en: t\u00f6ltse ki a Prestige k\u00e1dv\u00e1laszt\u00f3t, \u00e9s fedezze fel az ig\u00e9nyeihez ill\u0151 pr\u00e9mium szabadon \u00e1ll\u00f3 vagy k\u00fcl\u00f6nleges k\u00e1dakat.\" \/>\n<meta property=\"og:url\" content=\"https:\/\/m-acryl.hu\/prestige\/konfigurator-urlap\/\" \/>\n<meta property=\"og:site_name\" content=\"Prestige\" \/>\n<meta property=\"article:modified_time\" content=\"2026-03-18T11:48:27+00:00\" \/>\n<meta name=\"twitter:card\" content=\"summary_large_image\" \/>\n<script type=\"application\/ld+json\" class=\"yoast-schema-graph\">{\"@context\":\"https:\/\/schema.org\",\"@graph\":[{\"@type\":\"WebPage\",\"@id\":\"https:\/\/m-acryl.hu\/prestige\/konfigurator-urlap\/\",\"url\":\"https:\/\/m-acryl.hu\/prestige\/konfigurator-urlap\/\",\"name\":\"Konfigur\u00e1tor \u0170rlap - Prestige\",\"isPartOf\":{\"@id\":\"https:\/\/m-acryl.hu\/prestige\/#website\"},\"datePublished\":\"2024-06-03T12:48:08+00:00\",\"dateModified\":\"2026-03-18T11:48:27+00:00\",\"description\":\"K\u00e1dv\u00e1laszt\u00e1s egyszer\u0171en: t\u00f6ltse ki a Prestige k\u00e1dv\u00e1laszt\u00f3t, \u00e9s fedezze fel az ig\u00e9nyeihez ill\u0151 pr\u00e9mium szabadon \u00e1ll\u00f3 vagy k\u00fcl\u00f6nleges k\u00e1dakat.\",\"breadcrumb\":{\"@id\":\"https:\/\/m-acryl.hu\/prestige\/konfigurator-urlap\/#breadcrumb\"},\"inLanguage\":\"hu\",\"potentialAction\":[{\"@type\":\"ReadAction\",\"target\":[\"https:\/\/m-acryl.hu\/prestige\/konfigurator-urlap\/\"]}]},{\"@type\":\"BreadcrumbList\",\"@id\":\"https:\/\/m-acryl.hu\/prestige\/konfigurator-urlap\/#breadcrumb\",\"itemListElement\":[{\"@type\":\"ListItem\",\"position\":1,\"name\":\"Kezd\u0151lap\",\"item\":\"https:\/\/m-acryl.hu\/prestige\/\"},{\"@type\":\"ListItem\",\"position\":2,\"name\":\"Konfigur\u00e1tor \u0170rlap\"}]},{\"@type\":\"WebSite\",\"@id\":\"https:\/\/m-acryl.hu\/prestige\/#website\",\"url\":\"https:\/\/m-acryl.hu\/prestige\/\",\"name\":\"Prestige\",\"description\":\"Kiemelt k\u00e9nyelem minden nap\",\"potentialAction\":[{\"@type\":\"SearchAction\",\"target\":{\"@type\":\"EntryPoint\",\"urlTemplate\":\"https:\/\/m-acryl.hu\/prestige\/?s={search_term_string}\"},\"query-input\":{\"@type\":\"PropertyValueSpecification\",\"valueRequired\":true,\"valueName\":\"search_term_string\"}}],\"inLanguage\":\"hu\"}]}<\/script>\n<!-- \/ Yoast SEO plugin. -->","yoast_head_json":{"title":"Konfigur\u00e1tor \u0170rlap - Prestige","description":"K\u00e1dv\u00e1laszt\u00e1s egyszer\u0171en: t\u00f6ltse ki a Prestige k\u00e1dv\u00e1laszt\u00f3t, \u00e9s fedezze fel az ig\u00e9nyeihez ill\u0151 pr\u00e9mium szabadon \u00e1ll\u00f3 vagy k\u00fcl\u00f6nleges k\u00e1dakat.","robots":{"index":"index","follow":"follow","max-snippet":"max-snippet:-1","max-image-preview":"max-image-preview:large","max-video-preview":"max-video-preview:-1"},"canonical":"https:\/\/m-acryl.hu\/prestige\/konfigurator-urlap\/","og_locale":"hu_HU","og_type":"article","og_title":"Konfigur\u00e1tor \u0170rlap - Prestige","og_description":"K\u00e1dv\u00e1laszt\u00e1s egyszer\u0171en: t\u00f6ltse ki a Prestige k\u00e1dv\u00e1laszt\u00f3t, \u00e9s fedezze fel az ig\u00e9nyeihez ill\u0151 pr\u00e9mium szabadon \u00e1ll\u00f3 vagy k\u00fcl\u00f6nleges k\u00e1dakat.","og_url":"https:\/\/m-acryl.hu\/prestige\/konfigurator-urlap\/","og_site_name":"Prestige","article_modified_time":"2026-03-18T11:48:27+00:00","twitter_card":"summary_large_image","schema":{"@context":"https:\/\/schema.org","@graph":[{"@type":"WebPage","@id":"https:\/\/m-acryl.hu\/prestige\/konfigurator-urlap\/","url":"https:\/\/m-acryl.hu\/prestige\/konfigurator-urlap\/","name":"Konfigur\u00e1tor \u0170rlap - Prestige","isPartOf":{"@id":"https:\/\/m-acryl.hu\/prestige\/#website"},"datePublished":"2024-06-03T12:48:08+00:00","dateModified":"2026-03-18T11:48:27+00:00","description":"K\u00e1dv\u00e1laszt\u00e1s egyszer\u0171en: t\u00f6ltse ki a Prestige k\u00e1dv\u00e1laszt\u00f3t, \u00e9s fedezze fel az ig\u00e9nyeihez ill\u0151 pr\u00e9mium szabadon \u00e1ll\u00f3 vagy k\u00fcl\u00f6nleges k\u00e1dakat.","breadcrumb":{"@id":"https:\/\/m-acryl.hu\/prestige\/konfigurator-urlap\/#breadcrumb"},"inLanguage":"hu","potentialAction":[{"@type":"ReadAction","target":["https:\/\/m-acryl.hu\/prestige\/konfigurator-urlap\/"]}]},{"@type":"BreadcrumbList","@id":"https:\/\/m-acryl.hu\/prestige\/konfigurator-urlap\/#breadcrumb","itemListElement":[{"@type":"ListItem","position":1,"name":"Kezd\u0151lap","item":"https:\/\/m-acryl.hu\/prestige\/"},{"@type":"ListItem","position":2,"name":"Konfigur\u00e1tor \u0170rlap"}]},{"@type":"WebSite","@id":"https:\/\/m-acryl.hu\/prestige\/#website","url":"https:\/\/m-acryl.hu\/prestige\/","name":"Prestige","description":"Kiemelt k\u00e9nyelem minden nap","potentialAction":[{"@type":"SearchAction","target":{"@type":"EntryPoint","urlTemplate":"https:\/\/m-acryl.hu\/prestige\/?s={search_term_string}"},"query-input":{"@type":"PropertyValueSpecification","valueRequired":true,"valueName":"search_term_string"}}],"inLanguage":"hu"}]}},"_links":{"self":[{"href":"https:\/\/m-acryl.hu\/prestige\/wp-json\/wp\/v2\/pages\/4190","targetHints":{"allow":["GET"]}}],"collection":[{"href":"https:\/\/m-acryl.hu\/prestige\/wp-json\/wp\/v2\/pages"}],"about":[{"href":"https:\/\/m-acryl.hu\/prestige\/wp-json\/wp\/v2\/types\/page"}],"author":[{"embeddable":true,"href":"https:\/\/m-acryl.hu\/prestige\/wp-json\/wp\/v2\/users\/1"}],"replies":[{"embeddable":true,"href":"https:\/\/m-acryl.hu\/prestige\/wp-json\/wp\/v2\/comments?post=4190"}],"version-history":[{"count":15,"href":"https:\/\/m-acryl.hu\/prestige\/wp-json\/wp\/v2\/pages\/4190\/revisions"}],"predecessor-version":[{"id":6326,"href":"https:\/\/m-acryl.hu\/prestige\/wp-json\/wp\/v2\/pages\/4190\/revisions\/6326"}],"wp:attachment":[{"href":"https:\/\/m-acryl.hu\/prestige\/wp-json\/wp\/v2\/media?parent=4190"}],"curies":[{"name":"wp","href":"https:\/\/api.w.org\/{rel}","templated":true}]}}