{"id":353,"date":"2020-02-01T13:40:23","date_gmt":"2020-02-01T13:40:23","guid":{"rendered":"https:\/\/m-acryl.hu\/kad-kisokos\/?page_id=353"},"modified":"2024-07-17T13:16:42","modified_gmt":"2024-07-17T13:16:42","slug":"kerdese-van","status":"publish","type":"page","link":"https:\/\/m-acryl.hu\/kad-kisokos\/kerdese-van\/","title":{"rendered":"K\u00c9RD\u00c9SE VAN?"},"content":{"rendered":"<p>[et_pb_section fb_built=&#8221;1&#8243; admin_label=&#8221;Hero section&#8221; _builder_version=&#8221;4.16&#8243; use_background_color_gradient=&#8221;on&#8221; background_color_gradient_stops=&#8221;rgba(62,80,98,0.6) 0%|rgba(62,80,98,0.95) 100%&#8221; background_color_gradient_overlays_image=&#8221;on&#8221; background_color_gradient_start=&#8221;rgba(62,80,98,0.6)&#8221; background_color_gradient_end=&#8221;rgba(62,80,98,0.95)&#8221; background_image=&#8221;https:\/\/m-acryl.hu\/kad-kisokos\/wp-content\/uploads\/2020\/02\/DSC02775_panorama.jpg&#8221; background_position=&#8221;top_center&#8221; custom_margin=&#8221;|||&#8221; custom_padding=&#8221;10%||4.7%|||&#8221; bottom_divider_style=&#8221;triangle&#8221; bottom_divider_color=&#8221;#e2e2e2&#8243; bottom_divider_height=&#8221;41px&#8221; global_colors_info=&#8221;{}&#8221;][et_pb_row _builder_version=&#8221;4.16&#8243; global_colors_info=&#8221;{}&#8221;][et_pb_column type=&#8221;4_4&#8243; _builder_version=&#8221;4.16&#8243; global_colors_info=&#8221;{}&#8221;][et_pb_blurb title=&#8221;K\u00e9rd\u00e9se van? &#8221; _builder_version=&#8221;4.16&#8243; header_level=&#8221;h1&#8243; header_text_align=&#8221;center&#8221; header_text_color=&#8221;#FFFFFF&#8221; header_font_size=&#8221;40px&#8221; body_text_color=&#8221;#FFFFFF&#8221; body_font_size=&#8221;16px&#8221; custom_margin=&#8221;||-13px|||&#8221; global_colors_info=&#8221;{}&#8221;][\/et_pb_blurb][et_pb_blurb _builder_version=&#8221;4.16&#8243; header_text_align=&#8221;center&#8221; header_text_color=&#8221;#FFFFFF&#8221; header_font_size=&#8221;40px&#8221; body_text_color=&#8221;#FFFFFF&#8221; body_font_size=&#8221;16px&#8221; custom_margin=&#8221;40px||40px||true|false&#8221; global_colors_info=&#8221;{}&#8221;]<\/p>\n<p style=\"text-align: center;\"><span>Ha k\u00e9rd\u00e9se van a k\u00e1d kiv\u00e1laszt\u00e1s\u00e1n\u00e1l, a m\u0171szaki a param\u00e9terekben, vagy elbizonytalanodott a k\u00e1d be\u00e9p\u00edt\u00e9s\u00e9vel kapcsolatban <strong>\u00edrjon nek\u00fcnk az al\u00e1bbi \u0171rlap kit\u00f6lt\u00e9s\u00e9vel<\/strong>. K\u00e1d szak\u00e9rt\u0151ink mindent megtesznek, hogy seg\u00edthessenek \u00d6nnek.<br \/> <\/span><\/p>\n<p>[\/et_pb_blurb][\/et_pb_column][\/et_pb_row][\/et_pb_section][et_pb_section fb_built=&#8221;1&#8243; _builder_version=&#8221;4.16&#8243; background_color=&#8221;#f2f2f2&#8243; custom_padding=&#8221;||0px|||&#8221; border_width_all=&#8221;20px&#8221; border_color_all=&#8221;#e2e2e2&#8243; global_colors_info=&#8221;{}&#8221;][et_pb_row _builder_version=&#8221;4.16&#8243; global_colors_info=&#8221;{}&#8221;][et_pb_column type=&#8221;4_4&#8243; _builder_version=&#8221;4.16&#8243; global_colors_info=&#8221;{}&#8221;][et_pb_code _builder_version=&#8221;4.16&#8243; global_colors_info=&#8221;{}&#8221;]<\/p>\n<div id=\"mmform198585\" class=\"mmform\" style=\"position:relative;padding-bottom:300px;height:0;overflow:hidden;max-width:100%;\"><\/div>\n<p><!-- [et_pb_line_break_holder] --><script type=\"text\/javascript\"><!-- [et_pb_line_break_holder] -->var uniqueId = 1985851584888844,listId = 103708,formId = 198585,iwidth=115,mmDomain='salesautopilot.s3.amazonaws.com',secondMMDomain='sw.marketingszoftverek.hu',spancont=false,secure=('https:' == document.location.protocol)?true:false;<!-- [et_pb_line_break_holder] --><\/script><!-- [et_pb_line_break_holder] --><script type=\"text\/javascript\" src=\"https:\/\/d1ursyhqs5x9h1.cloudfront.net\/sw\/scripts\/mm-embed-iframe-1.15.min.js\"><\/script><!-- [et_pb_line_break_holder] -->[\/et_pb_code][\/et_pb_column][\/et_pb_row][\/et_pb_section][et_pb_section fb_built=&#8221;1&#8243; _builder_version=&#8221;4.16&#8243; custom_padding=&#8221;||0px|||&#8221; global_colors_info=&#8221;{}&#8221;][et_pb_row _builder_version=&#8221;4.16&#8243; custom_padding=&#8221;||0px|||&#8221; global_colors_info=&#8221;{}&#8221;][et_pb_column type=&#8221;4_4&#8243; _builder_version=&#8221;4.16&#8243; global_colors_info=&#8221;{}&#8221;][et_pb_text _builder_version=&#8221;4.16&#8243; text_font_size=&#8221;16px&#8221; header_2_font_size=&#8221;35px&#8221; custom_margin=&#8221;||66px|||&#8221; global_colors_info=&#8221;{}&#8221;]<\/p>\n<div class=\"et_pb_module et_pb_text et_pb_text_1  et_pb_text_align_left et_pb_bg_layout_light\">\n<div class=\"et_pb_text_inner\">\n<h2 style=\"text-align: center;\"><span><b>Miel\u0151tt d\u00f6ntene<\/b><\/span><\/h2>\n<p style=\"text-align: center;\"><b><strong>J\u00f6jj\u00f6n<\/strong>\u00a0el az orsz\u00e1g legnagyobb M-Acryl f\u00fcrd\u0151k\u00e1d bemutat\u00f3term\u00e9be \u00e9s<br \/> <\/b><b> v\u00e1s\u00e1rl\u00e1s el\u0151tt\u00a0<strong>\u00fclj\u00f6n bele \u00e9s pr\u00f3b\u00e1lja<\/strong>\u00a0ki a k\u00e1dat!<br \/> <\/b><\/p>\n<\/div>\n<\/div>\n<p>[\/et_pb_text][et_pb_image src=&#8221;https:\/\/m-acryl.hu\/kad-kisokos\/wp-content\/uploads\/2020\/02\/DSC02775_panorama.jpg&#8221; _builder_version=&#8221;4.16&#8243; custom_margin=&#8221;||1px|||&#8221; global_colors_info=&#8221;{}&#8221;][\/et_pb_image][\/et_pb_column][\/et_pb_row][et_pb_row column_structure=&#8221;1_2,1_2&#8243; use_custom_gutter=&#8221;on&#8221; gutter_width=&#8221;1&#8243; make_equal=&#8221;on&#8221; _builder_version=&#8221;4.16&#8243; custom_margin=&#8221;|auto|||false|false&#8221; custom_padding=&#8221;1px|||||&#8221; global_colors_info=&#8221;{}&#8221;][et_pb_column type=&#8221;1_2&#8243; _builder_version=&#8221;4.16&#8243; background_color=&#8221;#f4f4f4&#8243; global_colors_info=&#8221;{}&#8221;][et_pb_blurb title=&#8221;BEMUTAT\u00d3TEREM&#8221; use_icon=&#8221;on&#8221; font_icon=&#8221;&#xe01d;||divi||400&#8243; icon_color=&#8221;#c1c1c1&#8243; _builder_version=&#8221;4.16&#8243; header_level=&#8221;h3&#8243; header_text_align=&#8221;center&#8221; body_font_size=&#8221;15px&#8221; custom_padding=&#8221;37px||48px|||&#8221; global_colors_info=&#8221;{}&#8221;]<\/p>\n<p style=\"text-align: center;\"><strong><span class=\"bold\">C\u00edm:<\/span><\/strong> 1149 Budapest, Mogyor\u00f3di \u00fat 24.<br \/><em>(Orlen benzink\u00fat mellett k\u00f6zvetlen\u00fcl.)<\/em><\/p>\n<p style=\"text-align: center;\"><strong><span style=\"text-decoration: underline; color: #00ccff;\"><a href=\"https:\/\/www.google.hu\/maps\/place\/Budapest,+Mogyor%C3%B3di+%C3%BAt+32,+1149\/@47.5058153,19.1107213,17z\/data=!3m1!4b1!4m5!3m4!1s0x4741dc9f1a2a78ed:0x6bf5c8d943ed8b67!8m2!3d47.5058153!4d19.11291?hl=hu\" target=\"_blank\" rel=\"noopener noreferrer\" style=\"color: #00ccff;\">Mutasd a t\u00e9rk\u00e9pen!<br \/><\/a><\/span><\/strong><br \/><strong><span class=\"bold\">Telefon:<br \/><\/span><\/strong><span class=\"bold\">+ 36 1 700 2135<\/span><\/p>\n<p style=\"text-align: center;\"><strong><span class=\"bold\">E-mail:<br \/><\/span><\/strong>\u00a0<strong><span style=\"text-decoration: underline;\"><span style=\"color: #00ccff; text-decoration: underline;\"><a href=\"mailto:bemutatoterem@metahungary.hu\" style=\"color: #00ccff; text-decoration: underline;\">bemutatoterem@metahungary.hu<\/a> <\/span><\/span><\/strong><span style=\"text-decoration: underline;\"><span style=\"color: #00ccff; text-decoration: underline;\"><strong><\/strong><\/span><\/span><\/p>\n<p>[\/et_pb_blurb][\/et_pb_column][et_pb_column type=&#8221;1_2&#8243; _builder_version=&#8221;4.16&#8243; background_color=&#8221;#eaeaea&#8221; global_colors_info=&#8221;{}&#8221;][et_pb_blurb title=&#8221;NYiTVATART\u00c1S&#8221; use_icon=&#8221;on&#8221; font_icon=&#8221;&#xe60d;||divi||400&#8243; icon_color=&#8221;#c1c1c1&#8243; _builder_version=&#8221;4.16&#8243; header_level=&#8221;h3&#8243; header_text_align=&#8221;center&#8221; body_font_size=&#8221;15px&#8221; custom_padding=&#8221;37px||48px|||&#8221; global_colors_info=&#8221;{}&#8221;]<\/p>\n<p style=\"text-align: center;\"><strong>H\u00e9tf\u0151 &#8211; kedd:<br \/><\/strong>Z\u00e1rva<\/p>\n<p style=\"text-align: center;\"><strong>szerda &#8211; p\u00e9ntek:<\/strong><span><br \/><\/span>09:00 \u2013 17:30<\/p>\n<p style=\"text-align: center;\"><strong>Szombat:<br \/><\/strong><span>\u00a0<\/span>09:00 \u2013 13:00<br \/><strong>Vas\u00e1rnap:<br \/><\/strong><span>\u00a0<\/span>Z\u00e1rva<\/p>\n<p>[\/et_pb_blurb][\/et_pb_column][\/et_pb_row][\/et_pb_section][et_pb_section fb_built=&#8221;1&#8243; _builder_version=&#8221;4.16&#8243; min_height=&#8221;705px&#8221; custom_padding=&#8221;18px||0px|||&#8221; global_colors_info=&#8221;{}&#8221;][et_pb_row _builder_version=&#8221;4.16&#8243; custom_padding=&#8221;13px||0px|||&#8221; global_colors_info=&#8221;{}&#8221;][et_pb_column type=&#8221;4_4&#8243; _builder_version=&#8221;4.16&#8243; global_colors_info=&#8221;{}&#8221;][et_pb_code _builder_version=&#8221;4.16&#8243; width=&#8221;100%&#8221; module_alignment=&#8221;center&#8221; custom_margin=&#8221;||-6px|||&#8221; global_colors_info=&#8221;{}&#8221;]<iframe loading=\"lazy\" src=\"https:\/\/www.google.com\/maps\/embed?pb=!1m18!1m12!1m3!1d2695.1836286905873!2d19.110721315627043!3d47.50581497917803!2m3!1f0!2f0!3f0!3m2!1i1024!2i768!4f13.1!3m3!1m2!1s0x4741dc9f0ef94a4d%3A0x54358ef5641f9f5c!2zTS1BY3J5bCBGw7xyZMWRa8OhZCBiZW11dGF0w7N0ZXJlbQ!5e0!3m2!1shu!2shu!4v1582014966696!5m2!1shu!2shu\" width=\"850\" height=\"600\" frameborder=\"0\" style=\"border:0;\" allowfullscreen=\"\"><\/iframe>[\/et_pb_code][\/et_pb_column][\/et_pb_row][\/et_pb_section]<\/p>\n","protected":false},"excerpt":{"rendered":"<p>Ha k\u00e9rd\u00e9se van a k\u00e1d kiv\u00e1laszt\u00e1s\u00e1n\u00e1l, a m\u0171szaki a param\u00e9terekben, vagy elbizonytalanodott a k\u00e1d be\u00e9p\u00edt\u00e9s\u00e9vel kapcsolatban \u00edrjon nek\u00fcnk az al\u00e1bbi \u0171rlap kit\u00f6lt\u00e9s\u00e9vel. K\u00e1d szak\u00e9rt\u0151ink mindent megtesznek, hogy seg\u00edthessenek \u00d6nnek. Miel\u0151tt d\u00f6ntene J\u00f6jj\u00f6n\u00a0el az orsz\u00e1g legnagyobb M-Acryl f\u00fcrd\u0151k\u00e1d bemutat\u00f3term\u00e9be \u00e9s v\u00e1s\u00e1rl\u00e1s el\u0151tt\u00a0\u00fclj\u00f6n bele \u00e9s pr\u00f3b\u00e1lja\u00a0ki a k\u00e1dat! C\u00edm: 1149 Budapest, Mogyor\u00f3di \u00fat 24.(Orlen benzink\u00fat mellett k\u00f6zvetlen\u00fcl.) [&hellip;]<\/p>\n","protected":false},"author":1,"featured_media":0,"parent":0,"menu_order":0,"comment_status":"closed","ping_status":"closed","template":"","meta":{"_et_pb_use_builder":"on","_et_pb_old_content":"","_et_gb_content_width":"","footnotes":""},"class_list":["post-353","page","type-page","status-publish","hentry"],"yoast_head":"<!-- This site is optimized with the Yoast SEO plugin v26.6 - https:\/\/yoast.com\/wordpress\/plugins\/seo\/ -->\n<title>K\u00c9RD\u00c9SE VAN? - K\u00e1d-kisokos<\/title>\n<meta name=\"description\" content=\"Ha k\u00e9rd\u00e9se, probl\u00e9m\u00e1ja van a k\u00e1d kiv\u00e1lszt\u00e1s\u00e1n\u00e1l, be\u00e9p\u00edt\u00e9s\u00e9n\u00e9l, \u00edrjon nek\u00fcnk! K\u00e1d szak\u00e9rt\u0151ink mindent megtesznek, hogy seg\u00edthessenek \u00d6nnek.\" \/>\n<meta name=\"robots\" content=\"index, follow, max-snippet:-1, max-image-preview:large, max-video-preview:-1\" \/>\n<link rel=\"canonical\" href=\"https:\/\/m-acryl.hu\/kad-kisokos\/kerdese-van\/\" \/>\n<meta property=\"og:locale\" content=\"hu_HU\" \/>\n<meta property=\"og:type\" content=\"article\" \/>\n<meta property=\"og:title\" content=\"K\u00c9RD\u00c9SE VAN? - K\u00e1d-kisokos\" \/>\n<meta property=\"og:description\" content=\"Ha k\u00e9rd\u00e9se, probl\u00e9m\u00e1ja van a k\u00e1d kiv\u00e1lszt\u00e1s\u00e1n\u00e1l, be\u00e9p\u00edt\u00e9s\u00e9n\u00e9l, \u00edrjon nek\u00fcnk! K\u00e1d szak\u00e9rt\u0151ink mindent megtesznek, hogy seg\u00edthessenek \u00d6nnek.\" \/>\n<meta property=\"og:url\" content=\"https:\/\/m-acryl.hu\/kad-kisokos\/kerdese-van\/\" \/>\n<meta property=\"og:site_name\" content=\"K\u00e1d kisokos\" \/>\n<meta property=\"article:modified_time\" content=\"2024-07-17T13:16:42+00:00\" \/>\n<meta name=\"twitter:card\" content=\"summary_large_image\" \/>\n<meta name=\"twitter:label1\" content=\"Becs\u00fclt olvas\u00e1si id\u0151\" \/>\n\t<meta name=\"twitter:data1\" content=\"3 perc\" \/>\n<script type=\"application\/ld+json\" class=\"yoast-schema-graph\">{\"@context\":\"https:\/\/schema.org\",\"@graph\":[{\"@type\":\"WebPage\",\"@id\":\"https:\/\/m-acryl.hu\/kad-kisokos\/kerdese-van\/\",\"url\":\"https:\/\/m-acryl.hu\/kad-kisokos\/kerdese-van\/\",\"name\":\"K\u00c9RD\u00c9SE VAN? - K\u00e1d-kisokos\",\"isPartOf\":{\"@id\":\"https:\/\/m-acryl.hu\/kad-kisokos\/#website\"},\"datePublished\":\"2020-02-01T13:40:23+00:00\",\"dateModified\":\"2024-07-17T13:16:42+00:00\",\"description\":\"Ha k\u00e9rd\u00e9se, probl\u00e9m\u00e1ja van a k\u00e1d kiv\u00e1lszt\u00e1s\u00e1n\u00e1l, be\u00e9p\u00edt\u00e9s\u00e9n\u00e9l, \u00edrjon nek\u00fcnk! K\u00e1d szak\u00e9rt\u0151ink mindent megtesznek, hogy seg\u00edthessenek \u00d6nnek.\",\"breadcrumb\":{\"@id\":\"https:\/\/m-acryl.hu\/kad-kisokos\/kerdese-van\/#breadcrumb\"},\"inLanguage\":\"hu\",\"potentialAction\":[{\"@type\":\"ReadAction\",\"target\":[\"https:\/\/m-acryl.hu\/kad-kisokos\/kerdese-van\/\"]}]},{\"@type\":\"BreadcrumbList\",\"@id\":\"https:\/\/m-acryl.hu\/kad-kisokos\/kerdese-van\/#breadcrumb\",\"itemListElement\":[{\"@type\":\"ListItem\",\"position\":1,\"name\":\"Home\",\"item\":\"https:\/\/m-acryl.hu\/kad-kisokos\/\"},{\"@type\":\"ListItem\",\"position\":2,\"name\":\"K\u00c9RD\u00c9SE VAN?\"}]},{\"@type\":\"WebSite\",\"@id\":\"https:\/\/m-acryl.hu\/kad-kisokos\/#website\",\"url\":\"https:\/\/m-acryl.hu\/kad-kisokos\/\",\"name\":\"K\u00e1d kisokos\",\"description\":\"Az M-Acryl f\u00fcrd\u0151k\u00e1dakr\u00f3l k\u00f6z\u00e9rthet\u0151en\",\"potentialAction\":[{\"@type\":\"SearchAction\",\"target\":{\"@type\":\"EntryPoint\",\"urlTemplate\":\"https:\/\/m-acryl.hu\/kad-kisokos\/?s={search_term_string}\"},\"query-input\":{\"@type\":\"PropertyValueSpecification\",\"valueRequired\":true,\"valueName\":\"search_term_string\"}}],\"inLanguage\":\"hu\"}]}<\/script>\n<!-- \/ Yoast SEO plugin. -->","yoast_head_json":{"title":"K\u00c9RD\u00c9SE VAN? - K\u00e1d-kisokos","description":"Ha k\u00e9rd\u00e9se, probl\u00e9m\u00e1ja van a k\u00e1d kiv\u00e1lszt\u00e1s\u00e1n\u00e1l, be\u00e9p\u00edt\u00e9s\u00e9n\u00e9l, \u00edrjon nek\u00fcnk! K\u00e1d szak\u00e9rt\u0151ink mindent megtesznek, hogy seg\u00edthessenek \u00d6nnek.","robots":{"index":"index","follow":"follow","max-snippet":"max-snippet:-1","max-image-preview":"max-image-preview:large","max-video-preview":"max-video-preview:-1"},"canonical":"https:\/\/m-acryl.hu\/kad-kisokos\/kerdese-van\/","og_locale":"hu_HU","og_type":"article","og_title":"K\u00c9RD\u00c9SE VAN? - K\u00e1d-kisokos","og_description":"Ha k\u00e9rd\u00e9se, probl\u00e9m\u00e1ja van a k\u00e1d kiv\u00e1lszt\u00e1s\u00e1n\u00e1l, be\u00e9p\u00edt\u00e9s\u00e9n\u00e9l, \u00edrjon nek\u00fcnk! K\u00e1d szak\u00e9rt\u0151ink mindent megtesznek, hogy seg\u00edthessenek \u00d6nnek.","og_url":"https:\/\/m-acryl.hu\/kad-kisokos\/kerdese-van\/","og_site_name":"K\u00e1d kisokos","article_modified_time":"2024-07-17T13:16:42+00:00","twitter_card":"summary_large_image","twitter_misc":{"Becs\u00fclt olvas\u00e1si id\u0151":"3 perc"},"schema":{"@context":"https:\/\/schema.org","@graph":[{"@type":"WebPage","@id":"https:\/\/m-acryl.hu\/kad-kisokos\/kerdese-van\/","url":"https:\/\/m-acryl.hu\/kad-kisokos\/kerdese-van\/","name":"K\u00c9RD\u00c9SE VAN? - K\u00e1d-kisokos","isPartOf":{"@id":"https:\/\/m-acryl.hu\/kad-kisokos\/#website"},"datePublished":"2020-02-01T13:40:23+00:00","dateModified":"2024-07-17T13:16:42+00:00","description":"Ha k\u00e9rd\u00e9se, probl\u00e9m\u00e1ja van a k\u00e1d kiv\u00e1lszt\u00e1s\u00e1n\u00e1l, be\u00e9p\u00edt\u00e9s\u00e9n\u00e9l, \u00edrjon nek\u00fcnk! K\u00e1d szak\u00e9rt\u0151ink mindent megtesznek, hogy seg\u00edthessenek \u00d6nnek.","breadcrumb":{"@id":"https:\/\/m-acryl.hu\/kad-kisokos\/kerdese-van\/#breadcrumb"},"inLanguage":"hu","potentialAction":[{"@type":"ReadAction","target":["https:\/\/m-acryl.hu\/kad-kisokos\/kerdese-van\/"]}]},{"@type":"BreadcrumbList","@id":"https:\/\/m-acryl.hu\/kad-kisokos\/kerdese-van\/#breadcrumb","itemListElement":[{"@type":"ListItem","position":1,"name":"Home","item":"https:\/\/m-acryl.hu\/kad-kisokos\/"},{"@type":"ListItem","position":2,"name":"K\u00c9RD\u00c9SE VAN?"}]},{"@type":"WebSite","@id":"https:\/\/m-acryl.hu\/kad-kisokos\/#website","url":"https:\/\/m-acryl.hu\/kad-kisokos\/","name":"K\u00e1d kisokos","description":"Az M-Acryl f\u00fcrd\u0151k\u00e1dakr\u00f3l k\u00f6z\u00e9rthet\u0151en","potentialAction":[{"@type":"SearchAction","target":{"@type":"EntryPoint","urlTemplate":"https:\/\/m-acryl.hu\/kad-kisokos\/?s={search_term_string}"},"query-input":{"@type":"PropertyValueSpecification","valueRequired":true,"valueName":"search_term_string"}}],"inLanguage":"hu"}]}},"_links":{"self":[{"href":"https:\/\/m-acryl.hu\/kad-kisokos\/wp-json\/wp\/v2\/pages\/353","targetHints":{"allow":["GET"]}}],"collection":[{"href":"https:\/\/m-acryl.hu\/kad-kisokos\/wp-json\/wp\/v2\/pages"}],"about":[{"href":"https:\/\/m-acryl.hu\/kad-kisokos\/wp-json\/wp\/v2\/types\/page"}],"author":[{"embeddable":true,"href":"https:\/\/m-acryl.hu\/kad-kisokos\/wp-json\/wp\/v2\/users\/1"}],"replies":[{"embeddable":true,"href":"https:\/\/m-acryl.hu\/kad-kisokos\/wp-json\/wp\/v2\/comments?post=353"}],"version-history":[{"count":36,"href":"https:\/\/m-acryl.hu\/kad-kisokos\/wp-json\/wp\/v2\/pages\/353\/revisions"}],"predecessor-version":[{"id":6267,"href":"https:\/\/m-acryl.hu\/kad-kisokos\/wp-json\/wp\/v2\/pages\/353\/revisions\/6267"}],"wp:attachment":[{"href":"https:\/\/m-acryl.hu\/kad-kisokos\/wp-json\/wp\/v2\/media?parent=353"}],"curies":[{"name":"wp","href":"https:\/\/api.w.org\/{rel}","templated":true}]}}